280 
CXUS53 KDMX 030532
CF6OTM
PRELIMINARY LOCAL CLIMATOLOGICAL DATA (WS FORM: F-6)

                                          STATION:   OTTUMWA IA
                                          MONTH:     DECEMBER
                                          YEAR:      2017
                                          LATITUDE:   41  6 N                   
                                          LONGITUDE:  92 27 W                   

  TEMPERATURE IN F:       :PCPN:    SNOW:  WIND      :SUNSHINE: SKY     :PK WND 
================================================================================
1   2   3   4   5  6A  6B    7    8   9   10  11  12  13   14  15   16   17  18
                                     12Z  AVG MX 2MIN
DY MAX MIN AVG DEP HDD CDD  WTR  SNW DPTH SPD SPD DIR MIN PSBL S-S WX    SPD DR
================================================================================

 1  56  25  41  10  24   0 0.00  0.0    0  8.8 18 170   M    M   0 8      23 200
 2  57  28  43  12  22   0 0.00  0.0    0  4.1  9 310   M    M   0 8      10 320
 3  62  26  44  14  21   0 0.00  0.0    0 11.6 24 170   M    M   1        30 170
 4  69  34  52  22  13   0 0.34  0.0    0 21.9 36 280   M    M   7 138    46 280
 5  37  26  32   3  33   0 0.00  0.0    0 14.7 30 290   M    M   4        39 290
 6  38  23  31   2  34   0    T    T    0 12.1 20 320   M    M   0        30 320
 7  27  15  21  -7  44   0    T    T    0 13.2 24 310   M    M   2        32 320
 8  40  15  28   0  37   0 0.00  0.0    0  9.7 18 270   M    M   3        25 290
 9  31  17  24  -4  41   0 0.00  0.0    0 13.8 28 350   M    M   4        34 350
10  46  18  32   5  33   0 0.00  0.0    0 10.6 25 310   M    M   2        30 310
11  49  28  39  12  26   0    T  0.0    0 18.3 35 300   M    M   4        45 300
12  33  15  24  -3  41   0 0.00  0.0    0 12.2 24 320   M    M   3 8      30 320
13  49  28  39  13  26   0 0.02  0.0    0 20.5 37 320   M    M   6        47 300
14  29  24  27   1  38   0 0.00  0.0    0  5.8 17 360   M    M  10 8      21  10
15  45  21  33   7  32   0 0.00  0.0    0 11.6 22 250   M    M   5 18     28 260
16  54  30  42  16  23   0 0.00  0.0    0  8.6 23 230   M    M   0        32 230
17  42  30  36  11  29   0 0.03  0.0    0  3.0 10 200   M    M   6 1      12 190
18  51  30  41  16  24   0 0.00  0.0    0 11.2 28 240   M    M   3 18     34 230
19  52  26  39  14  26   0 0.00  0.0    0 10.3 21 360   M    M   1        24 360
20  43  24  34   9  31   0 0.00  0.0    0  7.8 14 110   M    M   0        17  90
21  37  32  35  11  30   0 0.02  0.0    0 10.4 15  50   M    M  10 168    19  60
22  32  18  25   1  40   0 0.00  0.0    0 10.6 18 340   M    M   9 1      21 340
23  24  14  19  -5  46   0 0.00  0.0    0  8.4 21 330   M    M   3        24 320
24  24   8  16  -8  49   0 0.15  2.5    2  9.0 18 280   M    M   7 18     23 290
25  17   3  10 -14  55   0    T    T    2 11.3 23 310   M    M   5        28 310
26  10  -6   2 -22  63   0    T    T    1  6.9 15 340   M    M   3        17 310
27   6 -11  -2 -25  67   0    T  0.2    1  5.2 13 100   M    M   2 8      15 110
28  16   2   9 -14  56   0 0.10  1.2    1  8.2 15 170   M    M   9 18     18 170
29  16   1   9 -14  56   0    T    T    3  7.3 22 360   M    M   9 18     24 360
30   9  -4   3 -20  62   0    T    T    3 16.8 26 340   M    M   8 8      31 340
31   0 -16  -8 -31  73   0 0.04  0.5    3   M   M   M   M    M   3 8       M  M 
================================================================================
SM 1101  524      1195   0  0.70     4.4 323.9          M      129              
================================================================================
AV 35.5 16.9                              10.8 FASTST   M    M   4    MAX(MPH)  
                                 MISC ---->  # 37 320               # 47  300   
================================================================================
NOTES:
# LAST OF SEVERAL OCCURRENCES

COLUMN 17 PEAK WIND IN M.P.H.

PRELIMINARY LOCAL CLIMATOLOGICAL DATA (WS FORM: F-6) , PAGE 2

                                          STATION:  OTTUMWA IA
                                          MONTH:    DECEMBER
                                          YEAR:     2017
                                          LATITUDE:   41  6 N                   
                                          LONGITUDE:  92 27 W                   

[TEMPERATURE DATA]      [PRECIPITATION DATA]       SYMBOLS USED IN COLUMN 16    

AVERAGE MONTHLY: 26.2   TOTAL FOR MONTH:   0.70    1 = FOG OR MIST              
DPTR FM NORMAL:   0.2   DPTR FM NORMAL:   -0.67    2 = FOG REDUCING VISIBILITY  
HIGHEST:    69 ON  4    GRTST 24HR  0.34 ON  4- 4      TO 1/4 MILE OR LESS      
LOWEST:    -16 ON 31                               3 = THUNDER                  
                        SNOW, ICE PELLETS, HAIL    4 = ICE PELLETS              
                        TOTAL MONTH:   4.4 INCHES  5 = HAIL                     
                        GRTST 24HR   2.5 ON 24-24  6 = FREEZING RAIN OR DRIZZLE 
                        GRTST DEPTH:   3 ON 31,30  7 = DUSTSTORM OR SANDSTORM:  
                                                       VSBY 1/2 MILE OR LESS    
                                                   8 = SMOKE OR HAZE            
[NO. OF DAYS WITH]      [WEATHER - DAYS WITH]      9 = BLOWING SNOW             
                                                   X = TORNADO                  
MAX 32 OR BELOW:  13    0.01 INCH OR MORE:   7                                  
MAX 90 OR ABOVE:   0    0.10 INCH OR MORE:   3                                  
MIN 32 OR BELOW:  30    0.50 INCH OR MORE:   0                                  
MIN  0 OR BELOW:   4    1.00 INCH OR MORE:   0                                  

[HDD (BASE 65) ]                                                                
TOTAL THIS MO.  1195    CLEAR  (SCALE 0-3)  15                                  
DPTR FM NORMAL   -12    PTCLDY (SCALE 4-7)  10                                  
TOTAL FM JUL 1  2322    CLOUDY (SCALE 8-10)  6                                  
DPTR FM NORMAL  -183                                                            

[CDD (BASE 65) ]                                                                
TOTAL THIS MO.     0                                                            
DPTR FM NORMAL     0    [PRESSURE DATA]                                         
TOTAL FM JAN 1  1120    HIGHEST SLP 30.90 ON 27                                 
DPTR FM NORMAL   182    LOWEST  SLP 29.40 ON  4                                 

[REMARKS]
#FINAL-12-17#