429 
CXUS53 KDMX 170920
CF6MIW
PRELIMINARY LOCAL CLIMATOLOGICAL DATA (WS FORM: F-6)

                                          STATION:   MARSHALLTOWN IA
                                          MONTH:     MAY
                                          YEAR:      2018
                                          LATITUDE:   42  6 N                   
                                          LONGITUDE:  92 55 W                   

  TEMPERATURE IN F:       :PCPN:    SNOW:  WIND      :SUNSHINE: SKY     :PK WND 
================================================================================
1   2   3   4   5  6A  6B    7    8   9   10  11  12  13   14  15   16   17  18
                                     12Z  AVG MX 2MIN
DY MAX MIN AVG DEP HDD CDD  WTR  SNW DPTH SPD SPD DIR MIN PSBL S-S WX    SPD DR
================================================================================

 1  75  59  67  12   0   2 0.67  0.0    0 12.9 29 190   M    M   5 13     35 190
 2  69  56  63   8   2   0 0.36  0.0    0  8.6 18 360   M    M   8 13     22 360
 3  70  56  63   8   2   0 0.93  0.0    0 10.9 30 250   M    M   9 123    42 250
 4  74  53  64   8   1   0 0.03  0.0    0 12.2 24 330   M    M   3 1      29 340
 5  80  50  65   9   0   0 0.00  0.0    0  9.1 21 240   M    M   1        25 240
 6  79  51  65   9   0   0 0.00  0.0    0  9.8 22  20   M    M   1        26  20
 7  79  44  62   5   3   0 0.00  0.0    0  6.1 15 160   M    M   0        21 160
 8  82  58  70  13   0   5 0.00  0.0    0 15.7 27 140   M    M   2        37 130
 9  73  55  64   6   1   0 0.02  0.0    0 15.5 30 300   M    M   3        34 290
10  75  50  63   5   2   0 0.00  0.0    0 10.3 20  40   M    M   1 1      25  50
11  63  46  55  -3  10   0    T  0.0    0 18.4 32  80   M    M   9        42  90
12  57  46  52  -7  13   0 0.03  0.0    0 13.7 22  80   M    M  10 13     25  60
13  60  50  55  -4  10   0 0.02  0.0    0  9.2 35 110   M    M   9 18     41 100
14  82  57  70  11   0   5 0.02  0.0    0  7.6 18 360   M    M   7 13     24 360
15  81  57  69   9   0   4 0.00  0.0    0  8.3 17  90   M    M   5 12     24  70
16  83  53  68   8   0   3 0.00  0.0    0  4.2 13 160   M    M   1 1      16 150
================================================================================
SM 1182  841        44  19  2.08     0.0 172.5          M       74              
================================================================================
AV 73.9 52.6                              10.8 FASTST   M    M   5    MAX(MPH)  
                                 MISC ---->  # 35 110               # 42  250   
================================================================================
NOTES:
# LAST OF SEVERAL OCCURRENCES

COLUMN 17 PEAK WIND IN M.P.H.

PRELIMINARY LOCAL CLIMATOLOGICAL DATA (WS FORM: F-6) , PAGE 2

                                          STATION:  MARSHALLTOWN IA
                                          MONTH:    MAY
                                          YEAR:     2018
                                          LATITUDE:   42  6 N                   
                                          LONGITUDE:  92 55 W                   

[TEMPERATURE DATA]      [PRECIPITATION DATA]       SYMBOLS USED IN COLUMN 16    

AVERAGE MONTHLY: 63.2   TOTAL FOR MONTH:   2.08    1 = FOG OR MIST              
DPTR FM NORMAL:   5.8   DPTR FM NORMAL:   -0.04    2 = FOG REDUCING VISIBILITY  
HIGHEST:    83 ON 16    GRTST 24HR  0.93 ON  3- 3      TO 1/4 MILE OR LESS      
LOWEST:     44 ON  7                               3 = THUNDER                  
                        SNOW, ICE PELLETS, HAIL    4 = ICE PELLETS              
                        TOTAL MONTH:   0.0 INCH    5 = HAIL                     
                        GRTST 24HR     0.0         6 = FREEZING RAIN OR DRIZZLE 
                        GRTST DEPTH:   0           7 = DUSTSTORM OR SANDSTORM:  
                                                       VSBY 1/2 MILE OR LESS    
                                                   8 = SMOKE OR HAZE            
[NO. OF DAYS WITH]      [WEATHER - DAYS WITH]      9 = BLOWING SNOW             
                                                   X = TORNADO                  
MAX 32 OR BELOW:   0    0.01 INCH OR MORE:   8                                  
MAX 90 OR ABOVE:   0    0.10 INCH OR MORE:   3                                  
MIN 32 OR BELOW:   0    0.50 INCH OR MORE:   2                                  
MIN  0 OR BELOW:   0    1.00 INCH OR MORE:   0                                  

[HDD (BASE 65) ]                                                                
TOTAL THIS MO.    44    CLEAR  (SCALE 0-3)   8                                  
DPTR FM NORMAL   -91    PTCLDY (SCALE 4-7)   4                                  
TOTAL FM JUL 1  6959    CLOUDY (SCALE 8-10)  4                                  
DPTR FM NORMAL    39                                                            

[CDD (BASE 65) ]                                                                
TOTAL THIS MO.    19                                                            
DPTR FM NORMAL     8    [PRESSURE DATA]                                         
TOTAL FM JAN 1    21    HIGHEST SLP M ON M                                      
DPTR FM NORMAL     6    LOWEST  SLP 29.65 ON  3                                 

[REMARKS]