907 
CXUS53 KDMX 170920
CF6MIW
PRELIMINARY LOCAL CLIMATOLOGICAL DATA (WS FORM: F-6)

                                          STATION:   MARSHALLTOWN IA
                                          MONTH:     APRIL
                                          YEAR:      2018
                                          LATITUDE:   42  6 N                   
                                          LONGITUDE:  92 55 W                   

  TEMPERATURE IN F:       :PCPN:    SNOW:  WIND      :SUNSHINE: SKY     :PK WND 
================================================================================
1   2   3   4   5  6A  6B    7    8   9   10  11  12  13   14  15   16   17  18
                                     12Z  AVG MX 2MIN
DY MAX MIN AVG DEP HDD CDD  WTR  SNW DPTH SPD SPD DIR MIN PSBL S-S WX    SPD DR
================================================================================

 1  34  19  27 -17  38   0 0.00  0.0    0  7.8 14 340   M    M   0        18 280
 2  42  16  29 -15  36   0 0.00  0.0    0 10.9 23 160   M    M   5 1      29 150
 3  34  16  25 -19  40   0    M    M    0 18.1 35 300   M    M  10 1      42 300
 4  33  12  23 -22  42   0    T    M    M 11.5 32 300   M    M   2 1      37 300
 5  50  24  37  -8  28   0 0.00  0.0    0  8.8 18 120   M    M   6        22 130
 6  36  16  26 -20  39   0 0.00  0.0    0 20.3 33 320   M    M   5        41 330
 7  40  11  26 -20  39   0 0.00  0.0    0  9.7 20 310   M    M   0        26 340
 8  32  17  25 -21  40   0    M    M    0 11.1 20 120   M    M   6 1      23 120
 9  37  24  31 -16  34   0 0.02    M    M  8.6 15  20   M    M   9 1      17  20
10  52  20  36 -11  29   0 0.00  0.0    M  8.4 21 200   M    M   3        24 220
11  58  35  47   0  18   0    T  0.0    0  9.5 20 100   M    M   3 1      22 100
12  64  38  51   3  14   0 0.00  0.0    0 12.1 26 320   M    M   2 1      33 320
13  53  36  45  -3  20   0 0.19  0.0    0 25.3 46  50   M    M   9 138    55  60
14  39  28  34 -14  31   0 0.45    M    0 25.1 45  60   M    M  10 136    56  70
15  30  24  27 -22  38   0    M    M    M 18.0 24 350   M    M  10 1      30  30
16  34  24  29 -20  36   0    T    M    0 18.6 26 310   M    M   8        32 320
================================================================================
SM  668  360       522   0  0.66     0.0 223.8          M       88              
================================================================================
AV 41.8 22.5                              14.0 FASTST   M    M   6    MAX(MPH)  
                                 MISC ---->  # 46  50               # 56   70   
================================================================================
NOTES:
# LAST OF SEVERAL OCCURRENCES

COLUMN 17 PEAK WIND IN M.P.H.

PRELIMINARY LOCAL CLIMATOLOGICAL DATA (WS FORM: F-6) , PAGE 2

                                          STATION:  MARSHALLTOWN IA
                                          MONTH:    APRIL
                                          YEAR:     2018
                                          LATITUDE:   42  6 N                   
                                          LONGITUDE:  92 55 W                   

[TEMPERATURE DATA]      [PRECIPITATION DATA]       SYMBOLS USED IN COLUMN 16    

AVERAGE MONTHLY: 32.1   TOTAL FOR MONTH:   0.66    1 = FOG OR MIST              
DPTR FM NORMAL: -14.3   DPTR FM NORMAL:   -0.76    2 = FOG REDUCING VISIBILITY  
HIGHEST:    64 ON 12    GRTST 24HR  0.45 ON 14-14      TO 1/4 MILE OR LESS      
LOWEST:     11 ON  7                               3 = THUNDER                  
                        SNOW, ICE PELLETS, HAIL    4 = ICE PELLETS              
                        TOTAL MONTH:   0.0 INCH    5 = HAIL                     
                        GRTST 24HR     0.0         6 = FREEZING RAIN OR DRIZZLE 
                        GRTST DEPTH:   0           7 = DUSTSTORM OR SANDSTORM:  
                                                       VSBY 1/2 MILE OR LESS    
                                                   8 = SMOKE OR HAZE            
[NO. OF DAYS WITH]      [WEATHER - DAYS WITH]      9 = BLOWING SNOW             
                                                   X = TORNADO                  
MAX 32 OR BELOW:   2    0.01 INCH OR MORE:   3                                  
MAX 90 OR ABOVE:   0    0.10 INCH OR MORE:   2                                  
MIN 32 OR BELOW:  13    0.50 INCH OR MORE:   0                                  
MIN  0 OR BELOW:   0    1.00 INCH OR MORE:   0                                  

[HDD (BASE 65) ]                                                                
TOTAL THIS MO.   522    CLEAR  (SCALE 0-3)   6                                  
DPTR FM NORMAL   225    PTCLDY (SCALE 4-7)   5                                  
TOTAL FM JUL 1  6686    CLOUDY (SCALE 8-10)  5                                  
DPTR FM NORMAL    88                                                            

[CDD (BASE 65) ]                                                                
TOTAL THIS MO.     0                                                            
DPTR FM NORMAL     0    [PRESSURE DATA]                                         
TOTAL FM JAN 1     0    HIGHEST SLP M ON M                                      
DPTR FM NORMAL     0    LOWEST  SLP 29.42 ON 13                                 

[REMARKS]