030 
CXUS53 KDMX 030527
CF6MCW
PRELIMINARY LOCAL CLIMATOLOGICAL DATA (WS FORM: F-6)

                                          STATION:   MASON CITY IA
                                          MONTH:     DECEMBER
                                          YEAR:      2017
                                          LATITUDE:   43  9 N                   
                                          LONGITUDE:  93 20 W                   

  TEMPERATURE IN F:       :PCPN:    SNOW:  WIND      :SUNSHINE: SKY     :PK WND 
================================================================================
1   2   3   4   5  6A  6B    7    8   9   10  11  12  13   14  15   16   17  18
                                     12Z  AVG MX 2MIN
DY MAX MIN AVG DEP HDD CDD  WTR  SNW DPTH SPD SPD DIR MIN PSBL S-S WX    SPD DR
================================================================================

 1  56  21  39  14  26   0 0.00  0.0    0 10.6 26 210   M    M   1        34 200
 2  50  22  36  12  29   0 0.00  0.0    0  3.8  9 260   M    M   0 8      11 230
 3  54  22  38  14  27   0 0.00  0.0    0 11.7 20 150   M    M   2 8      26 140
 4  66  27  47  24  18   0 0.01  0.2    0 21.5 44 290   M    M   9 18     54 290
 5  27  17  22  -1  43   0    T    T    T 22.1 40 300   M    M   2 1      53 310
 6  27  16  22   0  43   0    T    T    0 18.2 28 320   M    M   0        36 310
 7  22   7  15  -7  50   0 0.00  0.0    T 16.4 26 320   M    M   1        33 320
 8  36  18  27   5  38   0 0.00  0.0    0 14.0 24 260   M    M   5        29 260
 9  29  17  23   2  42   0    T    T    0 15.3 26 320   M    M   7        32 320
10  36  20  28   7  37   0 0.00  0.0    0 11.3 23 330   M    M   3        27 320
11  37  16  27   7  38   0 0.01    T    0 17.6 33 350   M    M   8 18     41 340
12  32   8  20   0  45   0 0.00  0.0    0 12.1 20 320   M    M   3        24 310
13  40  23  32  12  33   0    T    T    0 22.6 39 320   M    M   7 1      51 330
14  26  13  20   0  45   0 0.00  0.0    0  8.0 26 320   M    M   9 1      35 310
15  41  22  32  13  33   0    T    T    T 10.6 18 270   M    M   7 1      22 270
16  47  20  34  15  31   0 0.00  0.0    0  7.6 12 260   M    M   0 1      14 220
17  29  19  24   5  41   0    T    T    0  4.8 12  60   M    M   8 12     13  70
18  44  19  32  14  33   0 0.00  0.0    0 10.8 20 210   M    M   3 1      26 240
19  42  21  32  14  33   0 0.00  0.0    0 14.1 28 320   M    M   2        33 320
20  32  23  28  10  37   0 0.00  0.0    0  9.3 18 130   M    M   4        23 120
21  29  21  25   7  40   0 0.03  0.5    0 13.0 20  20   M    M  10 18     24  20
22  22   6  14  -4  51   0    T    T    1  8.9 16 340   M    M   5 1      19 340
23  20   5  13  -4  52   0 0.00  0.0    T 11.3 28 330   M    M   2        32 320
24  22   8  15  -2  50   0    T    T    T 13.0 29 280   M    M   7 18     37 280
25   8  -6   1 -16  64   0    T    T    T 14.2 28 320   M    M   1        33 320
26   3 -11  -4 -21  69   0 0.00  0.0    T  8.6 15 300   M    M   0        18 300
27   8 -14  -3 -20  68   0    T    T    T  6.2 15 170   M    M   2 8      17 180
28  13   2   8  -9  57   0 0.07  1.0    T 12.0 21 150   M    M  10 18     27 150
29  12  -3   5 -12  60   0 0.16  2.5    1 10.5 22 320   M    M   8 18     26 320
30  -3 -13  -8 -24  73   0 0.00  0.0    4 16.3 26 320   M    M   3 8      32 320
31  -8 -21 -14 -30  79   0    T    T    4 12.6 20 340   M    M   2 8      22 340
================================================================================
SM  899  345      1385   0  0.28     4.2 389.0          M      131              
================================================================================
AV 29.0 11.1                              12.5 FASTST   M    M   4    MAX(MPH)  
                                 MISC ---->  # 44 290               # 54  290   
================================================================================
NOTES:
# LAST OF SEVERAL OCCURRENCES

COLUMN 17 PEAK WIND IN M.P.H.

PRELIMINARY LOCAL CLIMATOLOGICAL DATA (WS FORM: F-6) , PAGE 2

                                          STATION:  MASON CITY IA
                                          MONTH:    DECEMBER
                                          YEAR:     2017
                                          LATITUDE:   43  9 N                   
                                          LONGITUDE:  93 20 W                   

[TEMPERATURE DATA]      [PRECIPITATION DATA]       SYMBOLS USED IN COLUMN 16    

AVERAGE MONTHLY: 20.1   TOTAL FOR MONTH:   0.28    1 = FOG OR MIST              
DPTR FM NORMAL:   0.5   DPTR FM NORMAL:   -0.96    2 = FOG REDUCING VISIBILITY  
HIGHEST:    66 ON  4    GRTST 24HR  0.16 ON 29-29      TO 1/4 MILE OR LESS      
LOWEST:    -21 ON 31                               3 = THUNDER                  
                        SNOW, ICE PELLETS, HAIL    4 = ICE PELLETS              
                        TOTAL MONTH:   4.2 INCHES  5 = HAIL                     
                        GRTST 24HR   2.5 ON 29-29  6 = FREEZING RAIN OR DRIZZLE 
                        GRTST DEPTH:   4 ON 31,30  7 = DUSTSTORM OR SANDSTORM:  
                                                       VSBY 1/2 MILE OR LESS    
                                                   8 = SMOKE OR HAZE            
[NO. OF DAYS WITH]      [WEATHER - DAYS WITH]      9 = BLOWING SNOW             
                                                   X = TORNADO                  
MAX 32 OR BELOW:  19    0.01 INCH OR MORE:   5                                  
MAX 90 OR ABOVE:   0    0.10 INCH OR MORE:   1                                  
MIN 32 OR BELOW:  31    0.50 INCH OR MORE:   0                                  
MIN  0 OR BELOW:   6    1.00 INCH OR MORE:   0                                  

[HDD (BASE 65) ]                                                                
TOTAL THIS MO.  1385    CLEAR  (SCALE 0-3)  16                                  
DPTR FM NORMAL   -24    PTCLDY (SCALE 4-7)   9                                  
TOTAL FM JUL 1  2888    CLOUDY (SCALE 8-10)  6                                  
DPTR FM NORMAL  -201                                                            

[CDD (BASE 65) ]                                                                
TOTAL THIS MO.     0                                                            
DPTR FM NORMAL     0    [PRESSURE DATA]                                         
TOTAL FM JAN 1   603    HIGHEST SLP 30.87 ON 31                                 
DPTR FM NORMAL   -13    LOWEST  SLP 29.29 ON  4                                 

[REMARKS]
#FINAL-12-17#