423 
CXUS53 KDMX 170920
CF6LWD
PRELIMINARY LOCAL CLIMATOLOGICAL DATA (WS FORM: F-6)

                                          STATION:   LAMONI IA
                                          MONTH:     MAY
                                          YEAR:      2018
                                          LATITUDE:   40 37 N                   
                                          LONGITUDE:  93 56 W                   

  TEMPERATURE IN F:       :PCPN:    SNOW:  WIND      :SUNSHINE: SKY     :PK WND 
================================================================================
1   2   3   4   5  6A  6B    7    8   9   10  11  12  13   14  15   16   17  18
                                     12Z  AVG MX 2MIN
DY MAX MIN AVG DEP HDD CDD  WTR  SNW DPTH SPD SPD DIR MIN PSBL S-S WX    SPD DR
================================================================================

 1  78  61  70  14   0   5 0.45  0.0    0 15.5 38 220   M    M   4 13     60 220
 2  81  60  71  14   0   6 0.48  0.0    0 12.0 29 260   M    M   6 13     36 260
 3  78  57  68  11   0   3 0.19  0.0    0 10.4 24 280   M    M   6 123    32 170
 4  77  52  65   8   0   0    T  0.0    0  9.6 20 300   M    M   2 3      28 300
 5  82  53  68  10   0   3    T  0.0    0  8.9 16 340   M    M   1        26 330
 6  83  55  69  11   0   4 0.00  0.0    0  8.7 18 340   M    M   0        24 330
 7  79  51  65   7   0   0 0.00  0.0    0  6.2 13 140   M    M   0        18 160
 8  83  61  72  13   0   7 0.00  0.0    0 12.4 18 150   M    M   0        33 150
 9  79  59  69  10   0   4 0.00  0.0    0  9.9 26 280   M    M   1        33 290
10  83  55  69  10   0   4 0.00  0.0    0  7.9 20  50   M    M   2        27  50
11  76  58  67   7   0   2 0.09  0.0    0 10.7 20  20   M    M   5 13     29 160
12  67  49  58  -2   7   0 0.63  0.0    0 11.0 17  30   M    M   8 138    25 120
13  73  56  65   5   0   0 0.00  0.0    0  8.1 20  50   M    M   7 128    25  40
14  83  59  71  11   0   6 0.52  0.0    0  5.5 15  10   M    M   4 123    20  60
15  77  63  70   9   0   5 0.12  0.0    0  6.4 17  20   M    M   6 138    23  20
16  79  60  70   9   0   5 0.00  0.0    0  4.1 10 120   M    M   4 1      16 130
================================================================================
SM 1258  909         7  54  2.48     0.0 147.3          M       56              
================================================================================
AV 78.6 56.8                               9.2 FASTST   M    M   4    MAX(MPH)  
                                 MISC ---->  # 38 220               # 60  220   
================================================================================
NOTES:
# LAST OF SEVERAL OCCURRENCES

COLUMN 17 PEAK WIND IN M.P.H.

PRELIMINARY LOCAL CLIMATOLOGICAL DATA (WS FORM: F-6) , PAGE 2

                                          STATION:  LAMONI IA
                                          MONTH:    MAY
                                          YEAR:     2018
                                          LATITUDE:   40 37 N                   
                                          LONGITUDE:  93 56 W                   

[TEMPERATURE DATA]      [PRECIPITATION DATA]       SYMBOLS USED IN COLUMN 16    

AVERAGE MONTHLY: 67.7   TOTAL FOR MONTH:   2.48    1 = FOG OR MIST              
DPTR FM NORMAL:   9.0   DPTR FM NORMAL:   -0.14    2 = FOG REDUCING VISIBILITY  
HIGHEST:    83 ON 14,10 GRTST 24HR  0.63 ON 12-12      TO 1/4 MILE OR LESS      
LOWEST:     49 ON 12                               3 = THUNDER                  
                        SNOW, ICE PELLETS, HAIL    4 = ICE PELLETS              
                        TOTAL MONTH:   0.0 INCH    5 = HAIL                     
                        GRTST 24HR     0.0         6 = FREEZING RAIN OR DRIZZLE 
                        GRTST DEPTH:   0           7 = DUSTSTORM OR SANDSTORM:  
                                                       VSBY 1/2 MILE OR LESS    
                                                   8 = SMOKE OR HAZE            
[NO. OF DAYS WITH]      [WEATHER - DAYS WITH]      9 = BLOWING SNOW             
                                                   X = TORNADO                  
MAX 32 OR BELOW:   0    0.01 INCH OR MORE:   7                                  
MAX 90 OR ABOVE:   0    0.10 INCH OR MORE:   6                                  
MIN 32 OR BELOW:   0    0.50 INCH OR MORE:   2                                  
MIN  0 OR BELOW:   0    1.00 INCH OR MORE:   0                                  

[HDD (BASE 65) ]                                                                
TOTAL THIS MO.     7    CLEAR  (SCALE 0-3)   7                                  
DPTR FM NORMAL  -106    PTCLDY (SCALE 4-7)   9                                  
TOTAL FM JUL 1  5957    CLOUDY (SCALE 8-10)  0                                  
DPTR FM NORMAL   -51                                                            

[CDD (BASE 65) ]                                                                
TOTAL THIS MO.    54                                                            
DPTR FM NORMAL    42    [PRESSURE DATA]                                         
TOTAL FM JAN 1    56    HIGHEST SLP M ON M                                      
DPTR FM NORMAL    37    LOWEST  SLP 29.65 ON  3                                 

[REMARKS]