905 
CXUS53 KDMX 170920
CF6LWD
PRELIMINARY LOCAL CLIMATOLOGICAL DATA (WS FORM: F-6)

                                          STATION:   LAMONI IA
                                          MONTH:     APRIL
                                          YEAR:      2018
                                          LATITUDE:   40 37 N                   
                                          LONGITUDE:  93 56 W                   

  TEMPERATURE IN F:       :PCPN:    SNOW:  WIND      :SUNSHINE: SKY     :PK WND 
================================================================================
1   2   3   4   5  6A  6B    7    8   9   10  11  12  13   14  15   16   17  18
                                     12Z  AVG MX 2MIN
DY MAX MIN AVG DEP HDD CDD  WTR  SNW DPTH SPD SPD DIR MIN PSBL S-S WX    SPD DR
================================================================================

 1  26  21  24 -23  41   0 0.25    M    M  5.6 17  30   M    M   8 12     21  30
 2  32  13  23 -24  42   0 0.00  0.0    M  7.4 17 150   M    M   6 12     25 150
 3  38  20  29 -19  36   0 0.04    M    M 18.7 33 310   M    M  10 1      43 300
 4  40  14  27 -21  38   0 0.00  0.0    0 10.6 29 320   M    M   1        38 310
 5  62  30  46  -2  19   0 0.00  0.0    0  8.9 17 350   M    M   3        22 340
 6  42  19  31 -18  34   0 0.01    M    0 15.8 28  10   M    M   6 8      35 360
 7  43  15  29 -20  36   0 0.00  0.0    0  6.9 14  30   M    M   0        18  20
 8  35  27  31 -18  34   0 0.09    M    0  9.3 22 160   M    M   7 16     29 170
 9  37  31  34 -16  31   0 0.01    M    M  5.8 14  30   M    M  10 16     17  30
10  56  29  43  -7  22   0 0.00  0.0    0  7.7 22 210   M    M   4        27 210
11  73  41  57   7   8   0 0.00  0.0    0 11.4 23 200   M    M   0        29 200
12  76  50  63  12   2   0 0.00  0.0    0 10.6 23 210   M    M   2        27 210
13  78  46  62  11   3   0 0.18  0.0    0 12.9 31 140   M    M   7 13     43 150
14  46  34  40 -11  25   0 0.14    M    0 11.2 24  50   M    M  10 1      29  50
15  34  26  30 -22  35   0 0.02    M    M 18.6 28 320   M    M  10 18     36 330
16  44  23  34 -18  31   0 0.00  0.0    0 14.4 25 320   M    M   4        33 320
================================================================================
SM  762  439       437   0  0.74     0.0 175.8          M       88              
================================================================================
AV 47.6 27.4                              11.0 FASTST   M    M   6    MAX(MPH)  
                                 MISC ---->  # 33 310               # 43  300   
================================================================================
NOTES:
# LAST OF SEVERAL OCCURRENCES

COLUMN 17 PEAK WIND IN M.P.H.

PRELIMINARY LOCAL CLIMATOLOGICAL DATA (WS FORM: F-6) , PAGE 2

                                          STATION:  LAMONI IA
                                          MONTH:    APRIL
                                          YEAR:     2018
                                          LATITUDE:   40 37 N                   
                                          LONGITUDE:  93 56 W                   

[TEMPERATURE DATA]      [PRECIPITATION DATA]       SYMBOLS USED IN COLUMN 16    

AVERAGE MONTHLY: 37.5   TOTAL FOR MONTH:   0.74    1 = FOG OR MIST              
DPTR FM NORMAL: -12.0   DPTR FM NORMAL:   -0.88    2 = FOG REDUCING VISIBILITY  
HIGHEST:    78 ON 13    GRTST 24HR  0.25 ON  1- 1      TO 1/4 MILE OR LESS      
LOWEST:     13 ON  2                               3 = THUNDER                  
                        SNOW, ICE PELLETS, HAIL    4 = ICE PELLETS              
                        TOTAL MONTH:   0.0 INCH    5 = HAIL                     
                        GRTST 24HR     0.0         6 = FREEZING RAIN OR DRIZZLE 
                        GRTST DEPTH:   0           7 = DUSTSTORM OR SANDSTORM:  
                                                       VSBY 1/2 MILE OR LESS    
                                                   8 = SMOKE OR HAZE            
[NO. OF DAYS WITH]      [WEATHER - DAYS WITH]      9 = BLOWING SNOW             
                                                   X = TORNADO                  
MAX 32 OR BELOW:   2    0.01 INCH OR MORE:   8                                  
MAX 90 OR ABOVE:   0    0.10 INCH OR MORE:   3                                  
MIN 32 OR BELOW:  12    0.50 INCH OR MORE:   0                                  
MIN  0 OR BELOW:   0    1.00 INCH OR MORE:   0                                  

[HDD (BASE 65) ]                                                                
TOTAL THIS MO.   437    CLEAR  (SCALE 0-3)   5                                  
DPTR FM NORMAL   187    PTCLDY (SCALE 4-7)   6                                  
TOTAL FM JUL 1  5772    CLOUDY (SCALE 8-10)  5                                  
DPTR FM NORMAL    33                                                            

[CDD (BASE 65) ]                                                                
TOTAL THIS MO.     0                                                            
DPTR FM NORMAL     0    [PRESSURE DATA]                                         
TOTAL FM JAN 1     0    HIGHEST SLP M ON M                                      
DPTR FM NORMAL    -1    LOWEST  SLP 29.42 ON 13                                 

[REMARKS]