144 
CXUS53 KDMX 030527
CF6LWD
PRELIMINARY LOCAL CLIMATOLOGICAL DATA (WS FORM: F-6)

                                          STATION:   LAMONI IA
                                          MONTH:     DECEMBER
                                          YEAR:      2017
                                          LATITUDE:   40 37 N                   
                                          LONGITUDE:  93 56 W                   

  TEMPERATURE IN F:       :PCPN:    SNOW:  WIND      :SUNSHINE: SKY     :PK WND 
================================================================================
1   2   3   4   5  6A  6B    7    8   9   10  11  12  13   14  15   16   17  18
                                     12Z  AVG MX 2MIN
DY MAX MIN AVG DEP HDD CDD  WTR  SNW DPTH SPD SPD DIR MIN PSBL S-S WX    SPD DR
================================================================================

 1  54  31  43  11  22   0 0.00  0.0    0  9.5 21 180   M    M   0        27 180
 2  60  32  46  15  19   0 0.00  0.0    0  4.7  9 200   M    M   0        11  10
 3  61  36  49  18  16   0 0.00  0.0    0  9.2 16 170   M    M   1        27 160
 4  69  30  50  20  15   0    T    M    0 24.9 41 300   M    M   7        52 290
 5  41  23  32   2  33   0 0.00  0.0    0 17.1 33 280   M    M   3        41 290
 6  44  20  32   2  33   0 0.02    M    0 16.8 29 300   M    M   5 1      35 310
 7  27  13  20  -9  45   0    T    M    M 12.2 22 320   M    M   1        27 330
 8  39  14  27  -2  38   0 0.00  0.0    0 10.7 24 290   M    M   1 8      31 290
 9  31  19  25  -3  40   0 0.00  0.0    0 13.7 23 330   M    M   3        32 320
10  51  20  36   8  29   0 0.00  0.0    0 11.5 20 310   M    M   0        25 290
11  49  23  36   8  29   0    T  0.0    0 19.6 38 320   M    M   5        51 320
12  35  12  24  -3  41   0 0.00  0.0    0  9.9 20 350   M    M   0        25 340
13  52  28  40  13  25   0 0.00  0.0    0 20.8 40 320   M    M   4        52 310
14  34  27  31   4  34   0 0.00  0.0    0  7.5 18  10   M    M   9        24 360
15  44  29  37  10  28   0 0.00  0.0    0 13.8 24 230   M    M   5        31 250
16  53  31  42  16  23   0 0.00  0.0    0  8.0 17 220   M    M   0        21 230
17  45  34  40  14  25   0 0.06  0.0    0  7.0 16 230   M    M   7 1      20 230
18  51  31  41  15  24   0 0.00  0.0    0 12.2 24 230   M    M   5 12     30 230
19  53  31  42  16  23   0 0.00  0.0    0  9.3 20  30   M    M   0 1      24  30
20  46  26  36  10  29   0 0.00  0.0    0  8.3 14  70   M    M   3        20  70
21  41  30  36  11  29   0 0.07  0.0    0 10.1 20  20   M    M  10 18     26  30
22  30  20  25   0  40   0 0.00  0.0    M  9.0 15 330   M    M   8 1      18 330
23  23  17  20  -5  45   0 0.08    M    M  7.6 21  10   M    M   5 1      26 360
24  21  11  16  -9  49   0 0.20    M    M 11.2 21 280   M    M   5 18     24 280
25  17   4  11 -14  54   0 0.01    M    M 10.0 18 330   M    M   6        24 330
26   8  -9   0 -25  65   0    T    M    M  7.9 15 320   M    M   4 8      17 360
27   6 -13  -3 -27  68   0 0.01    M    M  6.0 10 110   M    M   3        15 100
28  19   5  12 -12  53   0    T    M    M  8.1 15 150   M    M   7        18 150
29  19   8  14 -10  51   0    T    M    M  8.5 21 360   M    M   7 168    27 350
30   8  -2   3 -21  62   0 0.00  0.0    M 12.3 23 350   M    M  10        27 360
31   1 -16  -7 -31  72   0 0.02    M    M 11.1 18 340   M    M   1        22 340
================================================================================
SM 1132  565      1159   0  0.47     0.0 348.5          M      125              
================================================================================
AV 36.5 18.2                              11.2 FASTST   M    M   4    MAX(MPH)  
                                 MISC ---->  # 41 300               # 52  290   
================================================================================
NOTES:
# LAST OF SEVERAL OCCURRENCES

COLUMN 17 PEAK WIND IN M.P.H.

PRELIMINARY LOCAL CLIMATOLOGICAL DATA (WS FORM: F-6) , PAGE 2

                                          STATION:  LAMONI IA
                                          MONTH:    DECEMBER
                                          YEAR:     2017
                                          LATITUDE:   40 37 N                   
                                          LONGITUDE:  93 56 W                   

[TEMPERATURE DATA]      [PRECIPITATION DATA]       SYMBOLS USED IN COLUMN 16    

AVERAGE MONTHLY: 27.4   TOTAL FOR MONTH:   0.47    1 = FOG OR MIST              
DPTR FM NORMAL:   0.5   DPTR FM NORMAL:   -1.00    2 = FOG REDUCING VISIBILITY  
HIGHEST:    69 ON  4    GRTST 24HR  0.28 ON 23-24      TO 1/4 MILE OR LESS      
LOWEST:    -16 ON 31                               3 = THUNDER                  
                        SNOW, ICE PELLETS, HAIL    4 = ICE PELLETS              
                        TOTAL MONTH:   0.0 INCH    5 = HAIL                     
                        GRTST 24HR     0.0         6 = FREEZING RAIN OR DRIZZLE 
                        GRTST DEPTH:   0           7 = DUSTSTORM OR SANDSTORM:  
                                                       VSBY 1/2 MILE OR LESS    
                                                   8 = SMOKE OR HAZE            
[NO. OF DAYS WITH]      [WEATHER - DAYS WITH]      9 = BLOWING SNOW             
                                                   X = TORNADO                  
MAX 32 OR BELOW:  12    0.01 INCH OR MORE:   8                                  
MAX 90 OR ABOVE:   0    0.10 INCH OR MORE:   1                                  
MIN 32 OR BELOW:  29    0.50 INCH OR MORE:   0                                  
MIN  0 OR BELOW:   4    1.00 INCH OR MORE:   0                                  

[HDD (BASE 65) ]                                                                
TOTAL THIS MO.  1159    CLEAR  (SCALE 0-3)  14                                  
DPTR FM NORMAL   -22    PTCLDY (SCALE 4-7)  14                                  
TOTAL FM JUL 1  2217    CLOUDY (SCALE 8-10)  3                                  
DPTR FM NORMAL  -212                                                            

[CDD (BASE 65) ]                                                                
TOTAL THIS MO.     0                                                            
DPTR FM NORMAL     0    [PRESSURE DATA]                                         
TOTAL FM JAN 1  1150    HIGHEST SLP 30.93 ON 31                                 
DPTR FM NORMAL   204    LOWEST  SLP 29.42 ON  4                                 

[REMARKS]
#FINAL-12-17#