432 
CXUS53 KDMX 170920
CF6EST
PRELIMINARY LOCAL CLIMATOLOGICAL DATA (WS FORM: F-6)

                                          STATION:   ESTHERVILLE IA
                                          MONTH:     MAY
                                          YEAR:      2018
                                          LATITUDE:   43 24 N                   
                                          LONGITUDE:  94 45 W                   

  TEMPERATURE IN F:       :PCPN:    SNOW:  WIND      :SUNSHINE: SKY     :PK WND 
================================================================================
1   2   3   4   5  6A  6B    7    8   9   10  11  12  13   14  15   16   17  18
                                     12Z  AVG MX 2MIN
DY MAX MIN AVG DEP HDD CDD  WTR  SNW DPTH SPD SPD DIR MIN PSBL S-S WX    SPD DR
================================================================================

 1  69  50  60   7   5   0 0.42  0.0    0 10.4 31 280   M    M   7 13     37 280
 2  59  44  52  -2  13   0 0.12  0.0    0  8.7 21 320   M    M   5 13     24 320
 3  67  42  55   1  10   0 0.73  0.0    0  8.1 20  60   M    M   5 1      24  40
 4  74  49  62   8   3   0 0.00  0.0    0 14.2 25 340   M    M   1        30 330
 5  80  47  64   9   1   0 0.00  0.0    0 10.0 18 210   M    M   1        30 220
 6  75  50  63   8   2   0 0.00  0.0    0 10.5 23  30   M    M   0        28  30
 7  79  49  64   9   1   0 0.00  0.0    0 11.5 22 240   M    M   0        27 190
 8  63  54  59   3   6   0 1.27  0.0    0 13.8 27 100   M    M   6 13     41  80
 9  68  49  59   3   6   0 0.01  0.0    0 11.3 22 310   M    M   5 1      26 310
10  59  45  52  -4  13   0 0.18  0.0    0 13.2 22 330   M    M   5 13     27 330
11  50  43  47 -10  18   0 1.38  0.0    0 15.7 23  70   M    M   9 13     27  60
12  52  43  48  -9  17   0 0.02  0.0    0 13.0 24  50   M    M  10 1      30  50
13  60  48  54  -4  11   0 0.02  0.0    0  6.1 26 110   M    M   9 1      30 110
14  66  49  58   0   7   0 0.02  0.0    0  7.8 16 300   M    M   6 12     21 320
15  76  51  64   6   1   0 0.00  0.0    0  5.8 16  30   M    M   3 12     19  40
16  81  52  67   9   0   2 0.00  0.0    0  4.9 10 190   M    M   1        14 270
================================================================================
SM 1078  765       114   2  4.17     0.0 165.0          M       73              
================================================================================
AV 67.4 47.8                              10.3 FASTST   M    M   5    MAX(MPH)  
                                 MISC ---->  # 31 280               # 41   80   
================================================================================
NOTES:
# LAST OF SEVERAL OCCURRENCES

COLUMN 17 PEAK WIND IN M.P.H.

PRELIMINARY LOCAL CLIMATOLOGICAL DATA (WS FORM: F-6) , PAGE 2

                                          STATION:  ESTHERVILLE IA
                                          MONTH:    MAY
                                          YEAR:     2018
                                          LATITUDE:   43 24 N                   
                                          LONGITUDE:  94 45 W                   

[TEMPERATURE DATA]      [PRECIPITATION DATA]       SYMBOLS USED IN COLUMN 16    

AVERAGE MONTHLY: 57.6   TOTAL FOR MONTH:   4.17    1 = FOG OR MIST              
DPTR FM NORMAL:   1.7   DPTR FM NORMAL:    2.15    2 = FOG REDUCING VISIBILITY  
HIGHEST:    81 ON 16    GRTST 24HR  1.38 ON 11-11      TO 1/4 MILE OR LESS      
LOWEST:     42 ON  3                               3 = THUNDER                  
                        SNOW, ICE PELLETS, HAIL    4 = ICE PELLETS              
                        TOTAL MONTH:   0.0 INCH    5 = HAIL                     
                        GRTST 24HR     0.0         6 = FREEZING RAIN OR DRIZZLE 
                        GRTST DEPTH:   0           7 = DUSTSTORM OR SANDSTORM:  
                                                       VSBY 1/2 MILE OR LESS    
                                                   8 = SMOKE OR HAZE            
[NO. OF DAYS WITH]      [WEATHER - DAYS WITH]      9 = BLOWING SNOW             
                                                   X = TORNADO                  
MAX 32 OR BELOW:   0    0.01 INCH OR MORE:  10                                  
MAX 90 OR ABOVE:   0    0.10 INCH OR MORE:   6                                  
MIN 32 OR BELOW:   0    0.50 INCH OR MORE:   3                                  
MIN  0 OR BELOW:   0    1.00 INCH OR MORE:   2                                  

[HDD (BASE 65) ]                                                                
TOTAL THIS MO.   114    CLEAR  (SCALE 0-3)   5                                  
DPTR FM NORMAL   -42    PTCLDY (SCALE 4-7)   8                                  
TOTAL FM JUL 1  8178    CLOUDY (SCALE 8-10)  3                                  
DPTR FM NORMAL   561                                                            

[CDD (BASE 65) ]                                                                
TOTAL THIS MO.     2                                                            
DPTR FM NORMAL    -8    [PRESSURE DATA]                                         
TOTAL FM JAN 1     4    HIGHEST SLP M ON M                                      
DPTR FM NORMAL    -8    LOWEST  SLP 29.65 ON  3                                 

[REMARKS]