904 
CXUS53 KDMX 170920
CF6EST
PRELIMINARY LOCAL CLIMATOLOGICAL DATA (WS FORM: F-6)

                                          STATION:   ESTHERVILLE IA
                                          MONTH:     APRIL
                                          YEAR:      2018
                                          LATITUDE:   43 24 N                   
                                          LONGITUDE:  94 45 W                   

  TEMPERATURE IN F:       :PCPN:    SNOW:  WIND      :SUNSHINE: SKY     :PK WND 
================================================================================
1   2   3   4   5  6A  6B    7    8   9   10  11  12  13   14  15   16   17  18
                                     12Z  AVG MX 2MIN
DY MAX MIN AVG DEP HDD CDD  WTR  SNW DPTH SPD SPD DIR MIN PSBL S-S WX    SPD DR
================================================================================

 1  32  16  24 -16  41   0 0.00  0.0    0  9.9 23 330   M    M   0        27 330
 2  33  23  28 -13  37   0 0.00  0.0    0 12.7 25 140   M    M   6 1      30 160
 3  31   9  20 -21  45   0    M    M    0 21.6 33 320   M    M  10 128    40 320
 4  26   4  15 -27  50   0 0.00  0.0    M 10.2 21 310   M    M   2        24 310
 5  41  18  30 -12  35   0    T    M    M 10.9 30 330   M    M   3        36 330
 6  25  14  20 -23  45   0    T    M    M 21.4 37 340   M    M   2        45 330
 7  36  12  24 -19  41   0 0.00  0.0    M  8.4 15 300   M    M   0        19 290
 8  27  22  25 -19  40   0    M    M    M 17.4 28 130   M    M   8 12     33 120
 9  32  19  26 -18  39   0 0.00  0.0    M  8.1 16  70   M    M   7 1      19  60
10  51  27  39  -5  26   0 0.00  0.0    M 10.0 23 200   M    M   6        28 190
11  47  30  39  -6  26   0 0.00  0.0    M 10.3 23 110   M    M   1 1      26 100
12  50  31  41  -4  24   0 0.00  0.0    M 12.4 22  40   M    M   3 1      28  40
13  39  33  36 -10  29   0 1.05    M    M 27.6 48  70   M    M  10 13     60  70
14  33  20  27 -19  38   0    M    M    M 28.5 39  20   M    M  10 1236   72  70
15  27  19  23 -24  42   0    M    M    M 21.5 28  10   M    M   9 12     33 340
16  30  13  22 -25  43   0    T    M    0 15.3 24 330   M    M   0        28 330
================================================================================
SM  560  310       601   0  1.05     0.0 246.2          M       77              
================================================================================
AV 35.0 19.4                              15.4 FASTST   M    M   5    MAX(MPH)  
                                 MISC ---->  # 48  70               # 72   70   
================================================================================
NOTES:
# LAST OF SEVERAL OCCURRENCES

COLUMN 17 PEAK WIND IN M.P.H.

PRELIMINARY LOCAL CLIMATOLOGICAL DATA (WS FORM: F-6) , PAGE 2

                                          STATION:  ESTHERVILLE IA
                                          MONTH:    APRIL
                                          YEAR:     2018
                                          LATITUDE:   43 24 N                   
                                          LONGITUDE:  94 45 W                   

[TEMPERATURE DATA]      [PRECIPITATION DATA]       SYMBOLS USED IN COLUMN 16    

AVERAGE MONTHLY: 27.2   TOTAL FOR MONTH:   1.05    1 = FOG OR MIST              
DPTR FM NORMAL: -16.6   DPTR FM NORMAL:   -0.49    2 = FOG REDUCING VISIBILITY  
HIGHEST:    51 ON 10    GRTST 24HR  1.05 ON 13-13      TO 1/4 MILE OR LESS      
LOWEST:      4 ON  4                               3 = THUNDER                  
                        SNOW, ICE PELLETS, HAIL    4 = ICE PELLETS              
                        TOTAL MONTH:   0.0 INCH    5 = HAIL                     
                        GRTST 24HR     0.0         6 = FREEZING RAIN OR DRIZZLE 
                        GRTST DEPTH:   0           7 = DUSTSTORM OR SANDSTORM:  
                                                       VSBY 1/2 MILE OR LESS    
                                                   8 = SMOKE OR HAZE            
[NO. OF DAYS WITH]      [WEATHER - DAYS WITH]      9 = BLOWING SNOW             
                                                   X = TORNADO                  
MAX 32 OR BELOW:   8    0.01 INCH OR MORE:   1                                  
MAX 90 OR ABOVE:   0    0.10 INCH OR MORE:   1                                  
MIN 32 OR BELOW:  15    0.50 INCH OR MORE:   1                                  
MIN  0 OR BELOW:   0    1.00 INCH OR MORE:   1                                  

[HDD (BASE 65) ]                                                                
TOTAL THIS MO.   601    CLEAR  (SCALE 0-3)   7                                  
DPTR FM NORMAL   262    PTCLDY (SCALE 4-7)   5                                  
TOTAL FM JUL 1  7728    CLOUDY (SCALE 8-10)  4                                  
DPTR FM NORMAL   474                                                            

[CDD (BASE 65) ]                                                                
TOTAL THIS MO.     0                                                            
DPTR FM NORMAL     0    [PRESSURE DATA]                                         
TOTAL FM JAN 1     0    HIGHEST SLP M ON M                                      
DPTR FM NORMAL     0    LOWEST  SLP 29.42 ON 13                                 

[REMARKS]