029 
CXUS53 KDMX 030527
CF6EST
PRELIMINARY LOCAL CLIMATOLOGICAL DATA (WS FORM: F-6)

                                          STATION:   ESTHERVILLE IA
                                          MONTH:     DECEMBER
                                          YEAR:      2017
                                          LATITUDE:   43 24 N                   
                                          LONGITUDE:  94 45 W                   

  TEMPERATURE IN F:       :PCPN:    SNOW:  WIND      :SUNSHINE: SKY     :PK WND 
================================================================================
1   2   3   4   5  6A  6B    7    8   9   10  11  12  13   14  15   16   17  18
                                     12Z  AVG MX 2MIN
DY MAX MIN AVG DEP HDD CDD  WTR  SNW DPTH SPD SPD DIR MIN PSBL S-S WX    SPD DR
================================================================================

 1  55  20  38  14  27   0 0.00  0.0    0 12.4 30 210   M    M   1        39 210
 2  53  22  38  14  27   0 0.00  0.0    0  6.4 13 300   M    M   0        15 290
 3  56  22  39  16  26   0 0.00  0.0    0 12.5 23 170   M    M   1        27 170
 4  57  22  40  17  25   0 0.12    M    0 19.7 44 300   M    M   8 12     53 300
 5  24  16  20  -2  45   0    T    M    M 20.2 37 290   M    M   3 18     47 290
 6  25  14  20  -2  45   0    T    M    M 18.7 32 320   M    M   5 1      40 320
 7  19   5  12 -10  53   0 0.00  0.0    M 15.5 26 320   M    M   0        33 330
 8  31  14  23   2  42   0 0.00  0.0    M 13.7 26 340   M    M   4        34 340
 9  28  15  22   1  43   0    T    M    M 16.6 30 330   M    M   5        37 340
10  39  24  32  12  33   0 0.00  0.0    M 11.6 23 330   M    M   2        29 320
11  37  13  25   5  40   0    T    M    M 21.8 37 330   M    M   6 1      46 330
12  35   7  21   1  44   0 0.00  0.0    M 12.8 20 250   M    M   1        27 320
13  40  23  32  13  33   0    T    M    M 27.5 48 330   M    M   7        63 320
14  30  21  26   7  39   0    T    M    M  8.7 24 330   M    M  10        29 320
15  40  25  33  14  32   0    T    M    M 11.5 17 250   M    M   7        21 250
16  46  23  35  17  30   0 0.00  0.0    M  9.8 17 350   M    M   2 1      20 360
17  31  18  25   7  40   0    T    M    M  7.2 15  30   M    M   8 18     18  10
18  45  20  33  15  32   0 0.00  0.0    M 12.0 23 240   M    M   2 1      29 240
19  40  19  30  12  35   0 0.00  0.0    M 11.6 25 320   M    M   1        31 330
20  33  25  29  11  36   0 0.00  0.0    M 10.2 20 110   M    M   7        23 110
21  28  16  22   5  43   0    M    M    M 15.8 24  10   M    M  10 1      28  10
22  23   8  16  -1  49   0    T    M    M 10.0 21 340   M    M   5 1      27 340
23  20   3  12  -5  53   0    T    M    M  9.2 21 330   M    M   2 1      25 330
24  19  -3   8  -9  57   0    T    M    M 13.1 26 330   M    M   5 1      32 290
25   5  -6   0 -17  65   0 0.00  0.0    M 14.6 28 320   M    M   1 8      35 320
26   1 -15  -7 -23  72   0 0.00  0.0    M  9.9 16 310   M    M   1        20 270
27   8 -15  -3 -19  68   0    M    M    M 10.3 22 170   M    M   3 18     26 170
28  13   2   8  -8  57   0    M    M    M 14.0 24 150   M    M  10 18     27 160
29   6  -5   1 -15  64   0    M    M    M 11.9 28 340   M    M   9 128    33 330
30  -5 -14  -9 -25  74   0    M    M    M 16.8 30 330   M    M   5 18     34 340
31 -11 -21 -16 -32  81   0    M    M    M 12.3 21 340   M    M   2 18     26 340
================================================================================
SM  871  318      1410   0  0.12     0.0 418.3          M      133              
================================================================================
AV 28.1 10.3                              13.5 FASTST   M    M   4    MAX(MPH)  
                                 MISC ---->  # 48 330               # 63  320   
================================================================================
NOTES:
# LAST OF SEVERAL OCCURRENCES

COLUMN 17 PEAK WIND IN M.P.H.

PRELIMINARY LOCAL CLIMATOLOGICAL DATA (WS FORM: F-6) , PAGE 2

                                          STATION:  ESTHERVILLE IA
                                          MONTH:    DECEMBER
                                          YEAR:     2017
                                          LATITUDE:   43 24 N                   
                                          LONGITUDE:  94 45 W                   

[TEMPERATURE DATA]      [PRECIPITATION DATA]       SYMBOLS USED IN COLUMN 16    

AVERAGE MONTHLY: 19.2   TOTAL FOR MONTH:   0.12    1 = FOG OR MIST              
DPTR FM NORMAL:   0.2   DPTR FM NORMAL:   -0.54    2 = FOG REDUCING VISIBILITY  
HIGHEST:    57 ON  4    GRTST 24HR  0.12 ON  4- 4      TO 1/4 MILE OR LESS      
LOWEST:    -21 ON 31                               3 = THUNDER                  
                        SNOW, ICE PELLETS, HAIL    4 = ICE PELLETS              
                        TOTAL MONTH:   0.0 INCH    5 = HAIL                     
                        GRTST 24HR     0.0         6 = FREEZING RAIN OR DRIZZLE 
                        GRTST DEPTH:   0           7 = DUSTSTORM OR SANDSTORM:  
                                                       VSBY 1/2 MILE OR LESS    
                                                   8 = SMOKE OR HAZE            
[NO. OF DAYS WITH]      [WEATHER - DAYS WITH]      9 = BLOWING SNOW             
                                                   X = TORNADO                  
MAX 32 OR BELOW:  18    0.01 INCH OR MORE:   1                                  
MAX 90 OR ABOVE:   0    0.10 INCH OR MORE:   1                                  
MIN 32 OR BELOW:  31    0.50 INCH OR MORE:   0                                  
MIN  0 OR BELOW:   7    1.00 INCH OR MORE:   0                                  

[HDD (BASE 65) ]                                                                
TOTAL THIS MO.  1410    CLEAR  (SCALE 0-3)  14                                  
DPTR FM NORMAL   -14    PTCLDY (SCALE 4-7)  12                                  
TOTAL FM JUL 1  3019    CLOUDY (SCALE 8-10)  5                                  
DPTR FM NORMAL  -124                                                            

[CDD (BASE 65) ]                                                                
TOTAL THIS MO.     0                                                            
DPTR FM NORMAL     0    [PRESSURE DATA]                                         
TOTAL FM JAN 1   511    HIGHEST SLP 30.90 ON 31                                 
DPTR FM NORMAL   -82    LOWEST  SLP 29.31 ON  4                                 

[REMARKS]
#FINAL-12-17#