431 
CXUS53 KDMX 170920
CF6DSM
PRELIMINARY LOCAL CLIMATOLOGICAL DATA (WS FORM: F-6)

                                          STATION:   DES MOINES IA
                                          MONTH:     MAY
                                          YEAR:      2018
                                          LATITUDE:   41 31 N                   
                                          LONGITUDE:  93 39 W                   

  TEMPERATURE IN F:       :PCPN:    SNOW:  WIND      :SUNSHINE: SKY     :PK WND 
================================================================================
1   2   3   4   5  6A  6B    7    8   9   10  11  12  13   14  15   16   17  18
                                     12Z  AVG MX 2MIN
DY MAX MIN AVG DEP HDD CDD  WTR  SNW DPTH SPD SPD DIR MIN PSBL S-S WX    SPD DR
================================================================================

 1  78  59  69  11   0   4 0.06  0.0    0 12.9 25 170   M    M   9 138    30 180
 2  70  60  65   7   0   0 0.59  0.0    0  8.6 17  50   M    M  10 138    22 200
 3  76  57  67   9   0   2 1.15  0.0    0  8.1 32 280   M    M   9 123    41 280
 4  78  54  66   8   0   1 0.01  0.0    0 10.2 21 310   M    M   3        30 280
 5  84  53  69  10   0   4 0.00  0.0    0  7.9 21 290   M    M   5        25 300
 6  83  57  70  11   0   5 0.00  0.0    0  8.4 20  10   M    M   3        28  20
 7  81  51  66   6   0   1 0.00  0.0    0  6.9 18 140   M    M   2        24 150
 8  84  61  73  13   0   8    T  0.0    0 15.6 24 140   M    M   9        35 140
 9  78  60  69   9   0   4    T  0.0    0 11.5 26 290   M    M   4        32 310
10  79  55  67   7   0   2 0.00  0.0    0  7.9 24  30   M    M   5        31  40
11  62  50  56  -5   9   0 0.13  0.0    0 12.0 28 140   M    M  10 13     37 140
12  59  48  54  -7  11   0 0.96  0.0    0  9.3 18 300   M    M  10 135    25 290
13  71  53  62   1   3   0 1.01  0.0    0  8.7 24 150   M    M   9 138    29 150
14  82  59  71   9   0   6    T  0.0    0  6.9 18  20   M    M   9 138    25  20
15  79  61  70   8   0   5 0.00  0.0    0  6.5 21  30   M    M   5 1      25  30
16  83  59  71   9   0   6 0.00  0.0    0  4.2 13 130   M    M   2        17 160
================================================================================
SM 1227  897        23  48  3.91     0.0 145.6          M      104              
================================================================================
AV 76.7 56.1                               9.1 FASTST   M    M   7    MAX(MPH)  
                                 MISC ---->  # 32 280               # 41  280   
================================================================================
NOTES:
# LAST OF SEVERAL OCCURRENCES

COLUMN 17 PEAK WIND IN M.P.H.

PRELIMINARY LOCAL CLIMATOLOGICAL DATA (WS FORM: F-6) , PAGE 2

                                          STATION:  DES MOINES IA
                                          MONTH:    MAY
                                          YEAR:     2018
                                          LATITUDE:   41 31 N                   
                                          LONGITUDE:  93 39 W                   

[TEMPERATURE DATA]      [PRECIPITATION DATA]       SYMBOLS USED IN COLUMN 16    

AVERAGE MONTHLY: 66.4   TOTAL FOR MONTH:   3.91    1 = FOG OR MIST              
DPTR FM NORMAL:   6.4   DPTR FM NORMAL:    1.43    2 = FOG REDUCING VISIBILITY  
HIGHEST:    84 ON  8, 5 GRTST 24HR  1.15 ON  3- 3      TO 1/4 MILE OR LESS      
LOWEST:     48 ON 12                               3 = THUNDER                  
                        SNOW, ICE PELLETS, HAIL    4 = ICE PELLETS              
                        TOTAL MONTH:   0.0 INCH    5 = HAIL                     
                        GRTST 24HR     0.0         6 = FREEZING RAIN OR DRIZZLE 
                        GRTST DEPTH:   0           7 = DUSTSTORM OR SANDSTORM:  
                                                       VSBY 1/2 MILE OR LESS    
                                                   8 = SMOKE OR HAZE            
[NO. OF DAYS WITH]      [WEATHER - DAYS WITH]      9 = BLOWING SNOW             
                                                   X = TORNADO                  
MAX 32 OR BELOW:   0    0.01 INCH OR MORE:   7                                  
MAX 90 OR ABOVE:   0    0.10 INCH OR MORE:   5                                  
MIN 32 OR BELOW:   0    0.50 INCH OR MORE:   4                                  
MIN  0 OR BELOW:   0    1.00 INCH OR MORE:   2                                  

[HDD (BASE 65) ]                                                                
TOTAL THIS MO.    23    CLEAR  (SCALE 0-3)   2                                  
DPTR FM NORMAL   -78    PTCLDY (SCALE 4-7)   6                                  
TOTAL FM JUL 1  6101    CLOUDY (SCALE 8-10)  8                                  
DPTR FM NORMAL   -39                                                            

[CDD (BASE 65) ]                                                                
TOTAL THIS MO.    48                                                            
DPTR FM NORMAL    28    [PRESSURE DATA]                                         
TOTAL FM JAN 1    53    HIGHEST SLP M ON M                                      
DPTR FM NORMAL    19    LOWEST  SLP 29.65 ON  3                                 

[REMARKS]