903 
CXUS53 KDMX 170920
CF6DSM
PRELIMINARY LOCAL CLIMATOLOGICAL DATA (WS FORM: F-6)

                                          STATION:   DES MOINES IA
                                          MONTH:     APRIL
                                          YEAR:      2018
                                          LATITUDE:   41 31 N                   
                                          LONGITUDE:  93 39 W                   

  TEMPERATURE IN F:       :PCPN:    SNOW:  WIND      :SUNSHINE: SKY     :PK WND 
================================================================================
1   2   3   4   5  6A  6B    7    8   9   10  11  12  13   14  15   16   17  18
                                     12Z  AVG MX 2MIN
DY MAX MIN AVG DEP HDD CDD  WTR  SNW DPTH SPD SPD DIR MIN PSBL S-S WX    SPD DR
================================================================================

 1  34  22  28 -18  37   0 0.00  0.0    0  6.3 14 360   M    M   6        19  10
 2  41  19  30 -16  35   0    T  0.0    0 10.0 23 170   M    M   7 16     30 130
 3  36  19  28 -19  37   0 0.02    T    0 16.9 33 300   M    M  10 16     44 320
 4  39  14  27 -20  38   0    T    T    0  9.5 29 310   M    M   3        36 300
 5  56  29  43  -5  22   0 0.00  0.0    0  8.9 17 150   M    M   9        20 150
 6  41  19  30 -18  35   0 0.00  0.0    0 16.3 28 350   M    M   8        38 350
 7  43  17  30 -18  35   0 0.00  0.0    0  7.3 15 350   M    M   2        19 340
 8  36  27  32 -17  33   0 0.03  0.2    0 11.6 23 160   M    M  10 16     28 160
 9  38  30  34 -15  31   0 0.01    T    T  7.7 13  30   M    M  10 16     17  20
10  58  25  42  -8  23   0 0.00  0.0    0  9.7 18 210   M    M   6        23 210
11  69  41  55   5  10   0 0.00  0.0    0  9.2 18 170   M    M   7 8      24 180
12  69  46  58   8   7   0 0.00  0.0    0 11.2 20  70   M    M   7 8      25  70
13  62  40  51   0  14   0 0.26  0.0    0 18.8 38  30   M    M  10 13     45  20
14  42  31  37 -14  28   0 1.21  0.5    0 16.3 29  70   M    M  10 135    40  60
15  31  26  29 -23  36   0 0.13  2.3    2 16.3 24  10   M    M  10 189    30  10
16  38  23  31 -21  34   0    T    T    2 15.0 26 320   M    M   6        32 320
================================================================================
SM  733  428       455   0  1.66     3.0 191.0          M      121              
================================================================================
AV 45.8 26.8                              11.9 FASTST   M    M   8    MAX(MPH)  
                                 MISC ---->  # 38  30               # 45   20   
================================================================================
NOTES:
# LAST OF SEVERAL OCCURRENCES

COLUMN 17 PEAK WIND IN M.P.H.

PRELIMINARY LOCAL CLIMATOLOGICAL DATA (WS FORM: F-6) , PAGE 2

                                          STATION:  DES MOINES IA
                                          MONTH:    APRIL
                                          YEAR:     2018
                                          LATITUDE:   41 31 N                   
                                          LONGITUDE:  93 39 W                   

[TEMPERATURE DATA]      [PRECIPITATION DATA]       SYMBOLS USED IN COLUMN 16    

AVERAGE MONTHLY: 36.3   TOTAL FOR MONTH:   1.66    1 = FOG OR MIST              
DPTR FM NORMAL: -12.7   DPTR FM NORMAL:   -0.12    2 = FOG REDUCING VISIBILITY  
HIGHEST:    69 ON 12,11 GRTST 24HR  1.21 ON 14-14      TO 1/4 MILE OR LESS      
LOWEST:     14 ON  4                               3 = THUNDER                  
                        SNOW, ICE PELLETS, HAIL    4 = ICE PELLETS              
                        TOTAL MONTH:   3.0 INCHES  5 = HAIL                     
                        GRTST 24HR   2.3 ON 15-15  6 = FREEZING RAIN OR DRIZZLE 
                        GRTST DEPTH:   2 ON 16,15  7 = DUSTSTORM OR SANDSTORM:  
                                                       VSBY 1/2 MILE OR LESS    
                                                   8 = SMOKE OR HAZE            
[NO. OF DAYS WITH]      [WEATHER - DAYS WITH]      9 = BLOWING SNOW             
                                                   X = TORNADO                  
MAX 32 OR BELOW:   1    0.01 INCH OR MORE:   6                                  
MAX 90 OR ABOVE:   0    0.10 INCH OR MORE:   3                                  
MIN 32 OR BELOW:  13    0.50 INCH OR MORE:   1                                  
MIN  0 OR BELOW:   0    1.00 INCH OR MORE:   1                                  

[HDD (BASE 65) ]                                                                
TOTAL THIS MO.   455    CLEAR  (SCALE 0-3)   2                                  
DPTR FM NORMAL   195    PTCLDY (SCALE 4-7)   6                                  
TOTAL FM JUL 1  5919    CLOUDY (SCALE 8-10)  8                                  
DPTR FM NORMAL    32                                                            

[CDD (BASE 65) ]                                                                
TOTAL THIS MO.     0                                                            
DPTR FM NORMAL     0    [PRESSURE DATA]                                         
TOTAL FM JAN 1     0    HIGHEST SLP M ON M                                      
DPTR FM NORMAL    -1    LOWEST  SLP 29.42 ON 13                                 

[REMARKS]