206 
CXUS54 KTSA 210940
CF6BVO
PRELIMINARY LOCAL CLIMATOLOGICAL DATA (WS FORM: F-6)

                                          STATION:   BARTLESVILLE OKLAHOMA
                                          MONTH:     DECEMBER
                                          YEAR:      2012
                                          LATITUDE:   36 45 N                   
                                          LONGITUDE:  96  0 W                   

  TEMPERATURE IN F:       :PCPN:    SNOW:  WIND      :SUNSHINE: SKY     :PK WND 
================================================================================
1   2   3   4   5  6A  6B    7    8   9   10  11  12  13   14  15   16   17  18
                                     12Z  AVG MX 2MIN
DY MAX MIN AVG DEP HDD CDD  WTR  SNW DPTH SPD SPD DIR MIN PSBL S-S WX    SPD DR
================================================================================

 1  77  46  62  21   3   0 0.00  0.0    0 10.0 25 190   M    M   5 1      35 190
 2  73  36  55  15  10   0 0.00  0.0    0  2.9 13 150   M    M   0        17 150
 3  75  58  67  27   0   2    T  0.0    0 13.2 26 180   M    M   6        38 190
 4  64  29  47   7  18   0 0.00  0.0    0  7.1 18  10   M    M   0        24 350
 5  63  24  44   5  21   0 0.07  0.0    0  2.4 16 170   M    M   0 8      21 170
 6  62  31  47   8  18   0 0.00  0.0    0  5.5 18 160   M    M   4        24 160
 7  54  45  50  12  15   0 0.00  0.0    0  1.0  7  10   M    M  10 1      10 350
 8  50  43  47   9  18   0 0.00  0.0    0  4.6 12  10   M    M  10 18     14 360
 9  50  28  39   1  26   0 0.00  0.0    0  6.2 18  10   M    M   7 18     24  20
10  36  12  24 -14  41   0 0.00  0.0    0  2.7  9 280   M    M   2        20 300
11  51   9  30  -7  35   0 0.00  0.0    0  0.9 10 210   M    M   0        20 160
12  53  15  34  -3  31   0 0.00  0.0    0  7.0 18 160   M    M   0        25 160
13  62  33  48  11  17   0 0.00  0.0    0  9.7 21 200   M    M   0        29 190
14  53  38  46  10  19   0 0.19    M    0 10.7 23 170   M    M   7 1      30 160
15  65  37  51  15  14   0 0.00  0.0    0  9.1 21 170   M    M   1        28 160
16  60  27  44   8  21   0 0.00  0.0    0  2.7 15 260   M    M   1 1      22 270
17  56  27  42   6  23   0 0.00  0.0    0  2.7 12 280   M    M   4 18     17 260
18  61  26  44   8  21   0 0.00  0.0    0  2.3 14  30   M    M   0 1      20  30
19  66  25  46  11  19   0 0.00  0.0    0  4.3 17 250   M    M   4        25 250
20  50  20  35   0  30   0    T    M    0  8.3 20 290   M    M   3 1      38 290
================================================================================
SM 1181  609       400   2  0.26     0.0 113.3          M       64              
================================================================================
AV 59.0 30.5                               5.7 FASTST   M    M   3    MAX(MPH)  
                                 MISC ---->  # 26 180               # 38  190   
================================================================================
NOTES:
# LAST OF SEVERAL OCCURRENCES

COLUMN 17 PEAK WIND IN M.P.H.

PRELIMINARY LOCAL CLIMATOLOGICAL DATA (WS FORM: F-6) , PAGE 2

                                          STATION:  BARTLESVILLE OKLAHOMA
                                          MONTH:    DECEMBER
                                          YEAR:     2012
                                          LATITUDE:   36 45 N                   
                                          LONGITUDE:  96  0 W                   

[TEMPERATURE DATA]      [PRECIPITATION DATA]       SYMBOLS USED IN COLUMN 16    

AVERAGE MONTHLY: 44.8   TOTAL FOR MONTH:   0.26    1 = FOG OR MIST              
DPTR FM NORMAL:   7.2   DPTR FM NORMAL:   -1.22    2 = FOG REDUCING VISIBILITY  
HIGHEST:    77 ON  1    GRTST 24HR  0.19 ON 14-14      TO 1/4 MILE OR LESS      
LOWEST:      9 ON 11                               3 = THUNDER                  
                        SNOW, ICE PELLETS, HAIL    4 = ICE PELLETS              
                        TOTAL MONTH:   0.0 INCH    5 = HAIL                     
                        GRTST 24HR     0.0         6 = FREEZING RAIN OR DRIZZLE 
                        GRTST DEPTH:   0           7 = DUSTSTORM OR SANDSTORM:  
                                                       VSBY 1/2 MILE OR LESS    
                                                   8 = SMOKE OR HAZE            
[NO. OF DAYS WITH]      [WEATHER - DAYS WITH]      9 = BLOWING SNOW             
                                                   X = TORNADO                  
MAX 32 OR BELOW:   0    0.01 INCH OR MORE:   2                                  
MAX 90 OR ABOVE:   0    0.10 INCH OR MORE:   1                                  
MIN 32 OR BELOW:  12    0.50 INCH OR MORE:   0                                  
MIN  0 OR BELOW:   0    1.00 INCH OR MORE:   0                                  

[HDD (BASE 65) ]                                                                
TOTAL THIS MO.   400    CLEAR  (SCALE 0-3)  11                                  
DPTR FM NORMAL  -149    PTCLDY (SCALE 4-7)   7                                  
TOTAL FM JUL 1  1173    CLOUDY (SCALE 8-10)  2                                  
DPTR FM NORMAL  -136                                                            

[CDD (BASE 65) ]                                                                
TOTAL THIS MO.     2                                                            
DPTR FM NORMAL     2    [PRESSURE DATA]                                         
TOTAL FM JAN 1  2162    HIGHEST SLP M ON M                                      
DPTR FM NORMAL   405    LOWEST  SLP 29.41 ON 19                                 

[REMARKS]
#FINAL-12-12#