428 
CXUS53 KDMX 170920
CF6AMW
PRELIMINARY LOCAL CLIMATOLOGICAL DATA (WS FORM: F-6)

                                          STATION:   AMES IA
                                          MONTH:     MAY
                                          YEAR:      2018
                                          LATITUDE:   41 59 N                   
                                          LONGITUDE:  93 37 W                   

  TEMPERATURE IN F:       :PCPN:    SNOW:  WIND      :SUNSHINE: SKY     :PK WND 
================================================================================
1   2   3   4   5  6A  6B    7    8   9   10  11  12  13   14  15   16   17  18
                                     12Z  AVG MX 2MIN
DY MAX MIN AVG DEP HDD CDD  WTR  SNW DPTH SPD SPD DIR MIN PSBL S-S WX    SPD DR
================================================================================

 1  73  57  65  10   0   0 3.08  0.0    0 10.2 36 250   M    M   6 13     46 250
 2  67  55  61   5   4   0 0.26  0.0    0  7.2 17  10   M    M   9 1238   20  10
 3  69  56  63   7   2   0 0.81  0.0    0  8.3 26 310   M    M   9 123    34 310
 4  75  53  64   8   1   0 0.01  0.0    0 11.4 21 310   M    M   3 1      30 320
 5  81  47  64   7   1   0    T  0.0    0  9.6 25 300   M    M   2        36 300
 6  80  50  65   8   0   0 0.00  0.0    0  7.5 21 350   M    M   0        28  30
 7  79  46  63   6   2   0 0.00  0.0    0  5.3 16 150   M    M   0        21 190
 8  82  53  68  10   0   3 0.00  0.0    0 13.9 24 160   M    M   2        38 130
 9  75  58  67   9   0   2 0.05  0.0    0 12.1 24 300   M    M   2        32 310
10  75  51  63   5   2   0 0.00  0.0    0  8.9 20  30   M    M   1 128    28  30
11  63  48  56  -3   9   0 0.03  0.0    0 13.9 29  70   M    M   9 1      41  60
12  60  47  54  -5  11   0 0.00  0.0    0 10.6 18  60   M    M  10 3      25  70
13  64  52  58  -1   7   0 0.01  0.0    0  8.4 29 130   M    M  10 138    38 130
14  82  58  70  10   0   5 0.34  0.0    0  8.1 20  10   M    M   7 138    27  30
15  81  57  69   9   0   4 0.00  0.0    0  5.9 14  80   M    M   4 128    20  60
16  83  53  68   8   0   3 0.00  0.0    0  3.7 13 140   M    M   0 1      18 150
================================================================================
SM 1189  841        39  17  4.59     0.0 145.0          M       74              
================================================================================
AV 74.3 52.6                               9.1 FASTST   M    M   5    MAX(MPH)  
                                 MISC ---->  # 36 250               # 46  250   
================================================================================
NOTES:
# LAST OF SEVERAL OCCURRENCES

COLUMN 17 PEAK WIND IN M.P.H.

PRELIMINARY LOCAL CLIMATOLOGICAL DATA (WS FORM: F-6) , PAGE 2

                                          STATION:  AMES IA
                                          MONTH:    MAY
                                          YEAR:     2018
                                          LATITUDE:   41 59 N                   
                                          LONGITUDE:  93 37 W                   

[TEMPERATURE DATA]      [PRECIPITATION DATA]       SYMBOLS USED IN COLUMN 16    

AVERAGE MONTHLY: 63.4   TOTAL FOR MONTH:   4.59    1 = FOG OR MIST              
DPTR FM NORMAL:   5.6   DPTR FM NORMAL:    2.22    2 = FOG REDUCING VISIBILITY  
HIGHEST:    83 ON 16    GRTST 24HR  3.08 ON  1- 1      TO 1/4 MILE OR LESS      
LOWEST:     46 ON  7                               3 = THUNDER                  
                        SNOW, ICE PELLETS, HAIL    4 = ICE PELLETS              
                        TOTAL MONTH:   0.0 INCH    5 = HAIL                     
                        GRTST 24HR     0.0         6 = FREEZING RAIN OR DRIZZLE 
                        GRTST DEPTH:   0           7 = DUSTSTORM OR SANDSTORM:  
                                                       VSBY 1/2 MILE OR LESS    
                                                   8 = SMOKE OR HAZE            
[NO. OF DAYS WITH]      [WEATHER - DAYS WITH]      9 = BLOWING SNOW             
                                                   X = TORNADO                  
MAX 32 OR BELOW:   0    0.01 INCH OR MORE:   8                                  
MAX 90 OR ABOVE:   0    0.10 INCH OR MORE:   4                                  
MIN 32 OR BELOW:   0    0.50 INCH OR MORE:   2                                  
MIN  0 OR BELOW:   0    1.00 INCH OR MORE:   1                                  

[HDD (BASE 65) ]                                                                
TOTAL THIS MO.    39    CLEAR  (SCALE 0-3)   8                                  
DPTR FM NORMAL   -88    PTCLDY (SCALE 4-7)   3                                  
TOTAL FM JUL 1  6761    CLOUDY (SCALE 8-10)  5                                  
DPTR FM NORMAL    12                                                            

[CDD (BASE 65) ]                                                                
TOTAL THIS MO.    17                                                            
DPTR FM NORMAL     6    [PRESSURE DATA]                                         
TOTAL FM JAN 1    18    HIGHEST SLP M ON M                                      
DPTR FM NORMAL     4    LOWEST  SLP 29.65 ON  3                                 

[REMARKS]