908 
CXUS53 KDMX 170920
CF6AMW
PRELIMINARY LOCAL CLIMATOLOGICAL DATA (WS FORM: F-6)

                                          STATION:   AMES IA
                                          MONTH:     APRIL
                                          YEAR:      2018
                                          LATITUDE:   41 59 N                   
                                          LONGITUDE:  93 37 W                   

  TEMPERATURE IN F:       :PCPN:    SNOW:  WIND      :SUNSHINE: SKY     :PK WND 
================================================================================
1   2   3   4   5  6A  6B    7    8   9   10  11  12  13   14  15   16   17  18
                                     12Z  AVG MX 2MIN
DY MAX MIN AVG DEP HDD CDD  WTR  SNW DPTH SPD SPD DIR MIN PSBL S-S WX    SPD DR
================================================================================

 1  35  20  28 -16  37   0 0.00  0.0    0  7.3 17 340   M    M   3        22 340
 2  42  18  30 -14  35   0 0.00  0.0    0 10.2 22 170   M    M   5 18     26 140
 3  35  17  26 -19  39   0 0.08    M    0 17.3 33 320   M    M  10 18     43 320
 4  35  14  25 -20  40   0    T    M    M  9.0 29 300   M    M   2        34 300
 5  51  27  39  -7  26   0 0.00  0.0    0  8.1 17 320   M    M   6        23 130
 6  38  18  28 -18  37   0    T    M    0 20.5 33 330   M    M   5        43 340
 7  42  15  29 -17  36   0 0.00  0.0    0  8.2 18  20   M    M   0        23 330
 8  33  21  27 -20  38   0    M    M    0 10.0 21 160   M    M   7 18     26 150
 9  39  27  33 -14  32   0 0.01    M    M  8.4 14 350   M    M   9 18     17  50
10  56  22  39  -9  26   0    T  0.0    M  8.9 20 210   M    M   5        24 230
11  60  32  46  -2  19   0    T  0.0    0  6.8 18 130   M    M   1 18     24 140
12  65  39  52   4  13   0 0.00  0.0    0 11.0 21  30   M    M   2 18     26  60
13  55  37  46  -3  19   0 0.15  0.0    0 20.0 36  70   M    M   9 138    51  70
14  39  28  34 -15  31   0 0.83    M    M 18.3 33  70   M    M  10 13     45  60
15  29  24  27 -22  38   0    M    M    M 18.5 25 330   M    M  10 1      32 360
16  37  23  30 -20  35   0 0.00  0.0    0 15.6 28 340   M    M   6 8      34 340
================================================================================
SM  691  382       501   0  1.07     0.0 198.1          M       90              
================================================================================
AV 43.2 23.9                              12.4 FASTST   M    M   6    MAX(MPH)  
                                 MISC ---->  # 36  70               # 51   70   
================================================================================
NOTES:
# LAST OF SEVERAL OCCURRENCES

COLUMN 17 PEAK WIND IN M.P.H.

PRELIMINARY LOCAL CLIMATOLOGICAL DATA (WS FORM: F-6) , PAGE 2

                                          STATION:  AMES IA
                                          MONTH:    APRIL
                                          YEAR:     2018
                                          LATITUDE:   41 59 N                   
                                          LONGITUDE:  93 37 W                   

[TEMPERATURE DATA]      [PRECIPITATION DATA]       SYMBOLS USED IN COLUMN 16    

AVERAGE MONTHLY: 33.5   TOTAL FOR MONTH:   1.07    1 = FOG OR MIST              
DPTR FM NORMAL: -13.4   DPTR FM NORMAL:   -0.42    2 = FOG REDUCING VISIBILITY  
HIGHEST:    65 ON 12    GRTST 24HR  0.83 ON 14-14      TO 1/4 MILE OR LESS      
LOWEST:     14 ON  4                               3 = THUNDER                  
                        SNOW, ICE PELLETS, HAIL    4 = ICE PELLETS              
                        TOTAL MONTH:   0.0 INCH    5 = HAIL                     
                        GRTST 24HR     0.0         6 = FREEZING RAIN OR DRIZZLE 
                        GRTST DEPTH:   0           7 = DUSTSTORM OR SANDSTORM:  
                                                       VSBY 1/2 MILE OR LESS    
                                                   8 = SMOKE OR HAZE            
[NO. OF DAYS WITH]      [WEATHER - DAYS WITH]      9 = BLOWING SNOW             
                                                   X = TORNADO                  
MAX 32 OR BELOW:   1    0.01 INCH OR MORE:   4                                  
MAX 90 OR ABOVE:   0    0.10 INCH OR MORE:   2                                  
MIN 32 OR BELOW:  14    0.50 INCH OR MORE:   1                                  
MIN  0 OR BELOW:   0    1.00 INCH OR MORE:   0                                  

[HDD (BASE 65) ]                                                                
TOTAL THIS MO.   501    CLEAR  (SCALE 0-3)   5                                  
DPTR FM NORMAL   212    PTCLDY (SCALE 4-7)   6                                  
TOTAL FM JUL 1  6517    CLOUDY (SCALE 8-10)  5                                  
DPTR FM NORMAL    72                                                            

[CDD (BASE 65) ]                                                                
TOTAL THIS MO.     0                                                            
DPTR FM NORMAL     0    [PRESSURE DATA]                                         
TOTAL FM JAN 1     0    HIGHEST SLP M ON M                                      
DPTR FM NORMAL     0    LOWEST  SLP 29.42 ON 13                                 

[REMARKS]