027 
CXUS53 KDMX 030527
CF6AMW
PRELIMINARY LOCAL CLIMATOLOGICAL DATA (WS FORM: F-6)

                                          STATION:   AMES IA
                                          MONTH:     DECEMBER
                                          YEAR:      2017
                                          LATITUDE:   41 59 N                   
                                          LONGITUDE:  93 37 W                   

  TEMPERATURE IN F:       :PCPN:    SNOW:  WIND      :SUNSHINE: SKY     :PK WND 
================================================================================
1   2   3   4   5  6A  6B    7    8   9   10  11  12  13   14  15   16   17  18
                                     12Z  AVG MX 2MIN
DY MAX MIN AVG DEP HDD CDD  WTR  SNW DPTH SPD SPD DIR MIN PSBL S-S WX    SPD DR
================================================================================

 1  56  21  39  11  26   0 0.00  0.0    0  5.3 21 180   M    M   0 8      25 180
 2  57  22  40  12  25   0 0.00  0.0    0  1.7 12 320   M    M   0 18     14 320
 3  60  23  42  15  23   0 0.00  0.0    0  7.3 18 160   M    M   2        24 160
 4  69  29  49  22  16   0    T  0.0    0 22.8 40 300   M    M   9 8      51 290
 5  35  24  30   4  35   0    T    M    0 17.1 33 300   M    M   4        43 280
 6  36  20  28   2  37   0    T    M    M 15.9 26 310   M    M   7 8      34 320
 7  26  13  20  -6  45   0 0.00  0.0    0 12.7 24 320   M    M   1        29 330
 8  39  15  27   2  38   0 0.00  0.0    0  9.7 23 280   M    M   4        30 280
 9  31  15  23  -2  42   0 0.00  0.0    0 13.5 25 340   M    M   3        33 340
10  46  21  34  10  31   0 0.00  0.0    0 10.6 23 330   M    M   1        28 330
11  44  21  33   9  32   0    T  0.0    0 18.3 35 340   M    M   6        46 320
12  34  11  23  -1  42   0 0.00  0.0    0 10.4 22 330   M    M   1        27 320
13  46  27  37  14  28   0 0.03  0.0    0 22.6 40 320   M    M   7 1      52 330
14  32  20  26   3  39   0 0.00  0.0    0  7.2 15 340   M    M  10 1      20 320
15  45  26  36  13  29   0 0.00  0.0    0 12.6 25 260   M    M   6        32 260
16  53  25  39  17  26   0 0.00  0.0    0  4.8 13 230   M    M   0        15 230
17  39  24  32  10  33   0 0.00  0.0    0  4.0  9  60   M    M   2 18     11  70
18  49  20  35  13  30   0 0.00  0.0    0 11.5 22 240   M    M   2 12     27 240
19  48  28  38  16  27   0 0.00  0.0    0  9.8 21 340   M    M   2        26 360
20  40  23  32  10  33   0 0.00  0.0    0  8.0 14 130   M    M   3        19 130
21  35  25  30   9  35   0    M    M    0 11.9 18 360   M    M  10 168    25  30
22  29  15  22   1  43   0    M    M    M  9.6 16 350   M    M   5 1      21 350
23  25  12  19  -2  46   0 0.00  0.0    M  9.8 23 330   M    M   3        28 330
24  22  13  18  -3  47   0    M    M    M 10.6 22 300   M    M   6 1      26 300
25  15   0   8 -13  57   0 0.00  0.0    M 12.3 25 310   M    M   2        31 330
26   6  -6   0 -20  65   0 0.00  0.0    M  8.4 15 310   M    M   3        24 290
27   6 -14  -4 -24  69   0    M    M    M  6.3 13 160   M    M   2 1      16 170
28  17   4  11  -9  54   0    M    M    M  8.3 17 140   M    M   9 18     21 140
29  14   2   8 -12  57   0    M    M    M  9.2 23 340   M    M  10 1      27 340
30   2  -7  -2 -22  67   0    M    M    M 15.0 25 330   M    M   8 1      31 320
31  -6 -16 -11 -31  76   0    M    M    M 12.1 21 350   M    M   3 18     24 350
================================================================================
SM 1050  456      1253   0  0.03     0.0 339.3          M      131              
================================================================================
AV 33.9 14.7                              10.9 FASTST   M    M   4    MAX(MPH)  
                                 MISC ---->  # 40 300               # 52  330   
================================================================================
NOTES:
# LAST OF SEVERAL OCCURRENCES

COLUMN 17 PEAK WIND IN M.P.H.

PRELIMINARY LOCAL CLIMATOLOGICAL DATA (WS FORM: F-6) , PAGE 2

                                          STATION:  AMES IA
                                          MONTH:    DECEMBER
                                          YEAR:     2017
                                          LATITUDE:   41 59 N                   
                                          LONGITUDE:  93 37 W                   

[TEMPERATURE DATA]      [PRECIPITATION DATA]       SYMBOLS USED IN COLUMN 16    

AVERAGE MONTHLY: 24.3   TOTAL FOR MONTH:   0.03    1 = FOG OR MIST              
DPTR FM NORMAL:   1.2   DPTR FM NORMAL:   -0.99    2 = FOG REDUCING VISIBILITY  
HIGHEST:    69 ON  4    GRTST 24HR  0.03 ON 13-13      TO 1/4 MILE OR LESS      
LOWEST:    -16 ON 31                               3 = THUNDER                  
                        SNOW, ICE PELLETS, HAIL    4 = ICE PELLETS              
                        TOTAL MONTH:   0.0 INCH    5 = HAIL                     
                        GRTST 24HR     0.0         6 = FREEZING RAIN OR DRIZZLE 
                        GRTST DEPTH:   0           7 = DUSTSTORM OR SANDSTORM:  
                                                       VSBY 1/2 MILE OR LESS    
                                                   8 = SMOKE OR HAZE            
[NO. OF DAYS WITH]      [WEATHER - DAYS WITH]      9 = BLOWING SNOW             
                                                   X = TORNADO                  
MAX 32 OR BELOW:  13    0.01 INCH OR MORE:   1                                  
MAX 90 OR ABOVE:   0    0.10 INCH OR MORE:   0                                  
MIN 32 OR BELOW:  31    0.50 INCH OR MORE:   0                                  
MIN  0 OR BELOW:   5    1.00 INCH OR MORE:   0                                  

[HDD (BASE 65) ]                                                                
TOTAL THIS MO.  1253    CLEAR  (SCALE 0-3)  14                                  
DPTR FM NORMAL   -47    PTCLDY (SCALE 4-7)  12                                  
TOTAL FM JUL 1  2511    CLOUDY (SCALE 8-10)  5                                  
DPTR FM NORMAL  -243                                                            

[CDD (BASE 65) ]                                                                
TOTAL THIS MO.     0                                                            
DPTR FM NORMAL     0    [PRESSURE DATA]                                         
TOTAL FM JAN 1   861    HIGHEST SLP 30.91 ON 31                                 
DPTR FM NORMAL   109    LOWEST  SLP 29.33 ON  4                                 

[REMARKS]
#FINAL-12-17#