427 
CXUS53 KDMX 170920
CF6ALO
PRELIMINARY LOCAL CLIMATOLOGICAL DATA (WS FORM: F-6)

                                          STATION:   WATERLOO IA
                                          MONTH:     MAY
                                          YEAR:      2018
                                          LATITUDE:   42 32 N                   
                                          LONGITUDE:  92 24 W                   

  TEMPERATURE IN F:       :PCPN:    SNOW:  WIND      :SUNSHINE: SKY     :PK WND 
================================================================================
1   2   3   4   5  6A  6B    7    8   9   10  11  12  13   14  15   16   17  18
                                     12Z  AVG MX 2MIN
DY MAX MIN AVG DEP HDD CDD  WTR  SNW DPTH SPD SPD DIR MIN PSBL S-S WX    SPD DR
================================================================================

 1  73  57  65  10   0   0 0.40  0.0    0 14.9 30 170   M    M   6 13     39 180
 2  67  53  60   4   5   0 0.08  0.0    0  5.3 21 330   M    M   8 138    27 200
 3  68  55  62   6   3   0 0.48  0.0    0  7.7 43 310   M    M   8 1      55 310
 4  75  50  63   7   2   0 0.02  0.0    0 10.7 28 360   M    M   3 1      33 360
 5  81  45  63   6   2   0 0.00  0.0    0  7.1 21 230   M    M   0        27 270
 6  77  49  63   6   2   0 0.00  0.0    0  7.8 22 360   M    M   2        25  10
 7  80  42  61   3   4   0 0.00  0.0    0  6.1 15 200   M    M   0        20 230
 8  81  52  67   9   0   2    T  0.0    0 13.5 24 140   M    M   2 3      35 170
 9  71  54  63   5   2   0 0.07  0.0    0 11.4 22 300   M    M   4 3      30 280
10  70  49  60   2   5   0    T  0.0    0  9.5 18  40   M    M   4 1      22  50
11  53  45  49 -10  16   0 0.02  0.0    0 15.8 26  90   M    M   9 13     33  80
12  54  45  50  -9  15   0 0.02  0.0    0 12.9 22 110   M    M  10 1      26 120
13  61  48  55  -5  10   0 0.05  0.0    0  6.5 41 140   M    M  10 13     50 140
14  78  56  67   7   0   2 0.27  0.0    0  7.0 17 320   M    M   7 13     23 320
15  80  53  67   7   0   2 0.00  0.0    0  5.1 14  30   M    M   4 12     17  20
16  83  52  68   7   0   3 0.00  0.0    0  2.7  9 240   M    M   1 1      13 240
================================================================================
SM 1152  805        66   9  1.41     0.0 144.0          M       78              
================================================================================
AV 72.0 50.3                               9.0 FASTST   M    M   5    MAX(MPH)  
                                 MISC ---->  # 43 310               # 55  310   
================================================================================
NOTES:
# LAST OF SEVERAL OCCURRENCES

COLUMN 17 PEAK WIND IN M.P.H.

PRELIMINARY LOCAL CLIMATOLOGICAL DATA (WS FORM: F-6) , PAGE 2

                                          STATION:  WATERLOO IA
                                          MONTH:    MAY
                                          YEAR:     2018
                                          LATITUDE:   42 32 N                   
                                          LONGITUDE:  92 24 W                   

[TEMPERATURE DATA]      [PRECIPITATION DATA]       SYMBOLS USED IN COLUMN 16    

AVERAGE MONTHLY: 61.2   TOTAL FOR MONTH:   1.41    1 = FOG OR MIST              
DPTR FM NORMAL:   3.2   DPTR FM NORMAL:   -0.85    2 = FOG REDUCING VISIBILITY  
HIGHEST:    83 ON 16    GRTST 24HR  0.48 ON  3- 3      TO 1/4 MILE OR LESS      
LOWEST:     42 ON  7                               3 = THUNDER                  
                        SNOW, ICE PELLETS, HAIL    4 = ICE PELLETS              
                        TOTAL MONTH:   0.0 INCH    5 = HAIL                     
                        GRTST 24HR     0.0         6 = FREEZING RAIN OR DRIZZLE 
                        GRTST DEPTH:   0           7 = DUSTSTORM OR SANDSTORM:  
                                                       VSBY 1/2 MILE OR LESS    
                                                   8 = SMOKE OR HAZE            
[NO. OF DAYS WITH]      [WEATHER - DAYS WITH]      9 = BLOWING SNOW             
                                                   X = TORNADO                  
MAX 32 OR BELOW:   0    0.01 INCH OR MORE:   9                                  
MAX 90 OR ABOVE:   0    0.10 INCH OR MORE:   3                                  
MIN 32 OR BELOW:   0    0.50 INCH OR MORE:   0                                  
MIN  0 OR BELOW:   0    1.00 INCH OR MORE:   0                                  

[HDD (BASE 65) ]                                                                
TOTAL THIS MO.    66    CLEAR  (SCALE 0-3)   6                                  
DPTR FM NORMAL   -61    PTCLDY (SCALE 4-7)   7                                  
TOTAL FM JUL 1  7312    CLOUDY (SCALE 8-10)  3                                  
DPTR FM NORMAL   369                                                            

[CDD (BASE 65) ]                                                                
TOTAL THIS MO.     9                                                            
DPTR FM NORMAL    -7    [PRESSURE DATA]                                         
TOTAL FM JAN 1    10    HIGHEST SLP M ON M                                      
DPTR FM NORMAL   -14    LOWEST  SLP 29.65 ON  3                                 

[REMARKS]