906 
CXUS53 KDMX 170920
CF6ALO
PRELIMINARY LOCAL CLIMATOLOGICAL DATA (WS FORM: F-6)

                                          STATION:   WATERLOO IA
                                          MONTH:     APRIL
                                          YEAR:      2018
                                          LATITUDE:   42 32 N                   
                                          LONGITUDE:  92 24 W                   

  TEMPERATURE IN F:       :PCPN:    SNOW:  WIND      :SUNSHINE: SKY     :PK WND 
================================================================================
1   2   3   4   5  6A  6B    7    8   9   10  11  12  13   14  15   16   17  18
                                     12Z  AVG MX 2MIN
DY MAX MIN AVG DEP HDD CDD  WTR  SNW DPTH SPD SPD DIR MIN PSBL S-S WX    SPD DR
================================================================================

 1  35  17  26 -17  39   0 0.00  0.0    0  8.1 20 320   M    M   0        24 310
 2  41  17  29 -14  36   0 0.00  0.0    0 10.1 22 130   M    M   5 1      27 140
 3  33  17  25 -19  40   0 0.16  0.6    0 13.9 24 290   M    M  10 12     34 310
 4  29  11  20 -24  45   0 0.00  0.0    1 10.0 23 300   M    M   3        30 300
 5  46  20  33 -11  32   0    T    T    T  7.0 15 310   M    M   6 1      19 300
 6  35  16  26 -19  39   0 0.00  0.0    0 20.2 38 340   M    M   3        46 330
 7  36  12  24 -21  41   0 0.00  0.0    0  9.2 21 340   M    M   0        25 340
 8  32  13  23 -23  42   0 0.23  4.4    0  7.4 15 170   M    M   6 128    19 160
 9  36  23  30 -16  35   0 0.02  0.5    4  7.6 13 330   M    M   8 1      17  10
10  49  17  33 -14  32   0 0.00  0.0    T  6.7 18 220   M    M   6 1      21 220
11  59  27  43  -4  22   0 0.03  0.0    0  7.8 20 140   M    M   5 18     25 140
12  61  38  50   3  15   0 0.00  0.0    0 10.6 17 320   M    M   2 1      26 220
13  50  35  43  -5  22   0 0.24  0.0    0 23.0 35  60   M    M  10 13     48  50
14  36  26  31 -17  34   0 0.36    T    0 23.0 41  70   M    M  10 16     52  70
15  28  23  26 -23  39   0 0.23  2.5    T 15.1 23 360   M    M   9 1      28 360
16  33  23  28 -21  37   0 0.01  0.0    2 15.7 24 320   M    M   7 1      30 310
================================================================================
SM  639  335       550   0  1.28     8.0 195.4          M       90              
================================================================================
AV 39.9 20.9                              12.2 FASTST   M    M   6    MAX(MPH)  
                                 MISC ---->  # 41  70               # 52   70   
================================================================================
NOTES:
# LAST OF SEVERAL OCCURRENCES

COLUMN 17 PEAK WIND IN M.P.H.

PRELIMINARY LOCAL CLIMATOLOGICAL DATA (WS FORM: F-6) , PAGE 2

                                          STATION:  WATERLOO IA
                                          MONTH:    APRIL
                                          YEAR:     2018
                                          LATITUDE:   42 32 N                   
                                          LONGITUDE:  92 24 W                   

[TEMPERATURE DATA]      [PRECIPITATION DATA]       SYMBOLS USED IN COLUMN 16    

AVERAGE MONTHLY: 30.4   TOTAL FOR MONTH:   1.28    1 = FOG OR MIST              
DPTR FM NORMAL: -15.5   DPTR FM NORMAL:   -0.49    2 = FOG REDUCING VISIBILITY  
HIGHEST:    61 ON 12    GRTST 24HR  0.36 ON 14-14      TO 1/4 MILE OR LESS      
LOWEST:     11 ON  4                               3 = THUNDER                  
                        SNOW, ICE PELLETS, HAIL    4 = ICE PELLETS              
                        TOTAL MONTH:   8.0 INCHES  5 = HAIL                     
                        GRTST 24HR   4.4 ON  8- 8  6 = FREEZING RAIN OR DRIZZLE 
                        GRTST DEPTH:   4 ON  9     7 = DUSTSTORM OR SANDSTORM:  
                                                       VSBY 1/2 MILE OR LESS    
                                                   8 = SMOKE OR HAZE            
[NO. OF DAYS WITH]      [WEATHER - DAYS WITH]      9 = BLOWING SNOW             
                                                   X = TORNADO                  
MAX 32 OR BELOW:   3    0.01 INCH OR MORE:   8                                  
MAX 90 OR ABOVE:   0    0.10 INCH OR MORE:   5                                  
MIN 32 OR BELOW:  14    0.50 INCH OR MORE:   0                                  
MIN  0 OR BELOW:   0    1.00 INCH OR MORE:   0                                  

[HDD (BASE 65) ]                                                                
TOTAL THIS MO.   550    CLEAR  (SCALE 0-3)   5                                  
DPTR FM NORMAL   243    PTCLDY (SCALE 4-7)   6                                  
TOTAL FM JUL 1  6995    CLOUDY (SCALE 8-10)  5                                  
DPTR FM NORMAL   363                                                            

[CDD (BASE 65) ]                                                                
TOTAL THIS MO.     0                                                            
DPTR FM NORMAL     0    [PRESSURE DATA]                                         
TOTAL FM JAN 1     0    HIGHEST SLP M ON M                                      
DPTR FM NORMAL     0    LOWEST  SLP 29.42 ON 13                                 

[REMARKS]